NOAA Reports/Αναφορές NOAA

Select a Year or Month report
2018 > Jan Feb Mar Apr May Jun Jul Aug Sep Oct Nov Dec
2017 > Jan Feb Mar Apr May Jun Jul Aug Sep Oct Nov Dec
2016 > Jan Feb Mar Apr May Jun Jul Aug Sep Oct Nov Dec

Report for 2018 Jan
                   MONTHLY CLIMATOLOGICAL SUMMARY for JAN. 2018

NAME: Agia Galini Weather Station   CITY: Agia Galini   STATE: Greece 
ELEV:    25 m  LAT:  35 05' 45" N  LONG:  24 41' 15" E

                   TEMPERATURE (C), RAIN  (mm), WIND SPEED (km/hr)

                                      HEAT  COOL        AVG
    MEAN                              DEG   DEG         WIND                 DOM
DAY TEMP  HIGH   TIME   LOW    TIME   DAYS  DAYS  RAIN  SPEED HIGH   TIME    DIR
------------------------------------------------------------------------------------
 1  11.8  16.3   13:40 -67.8    4:30   5.6   0.0   0.0   4.8  43.5    0:20    NW
 2  15.6  18.3   12:20 -67.8    4:40   2.4   0.0   0.6   5.8  35.4   16:30   WNW
 3  12.8  15.8    2:40 -67.8    4:40   4.7   0.0   6.6   3.4  41.8    3:00   WNW
 4  12.2  17.9   15:10 -67.8    4:30   5.0   0.0  27.0  13.5  90.1   21:50   WNW
 5  12.8  17.2   15:30 -67.8    4:30   4.8   0.0   2.0   8.9  83.7    0:30   WNW
 6  12.7  18.2   14:10 -67.8    4:40   4.9   0.0   0.0   2.9  19.3    8:30    NW
 7  14.9  18.9   15:00  10.9    0:10   2.9   0.0   0.0   1.9  14.5    0:30    NW
 8  13.6  18.9   13:30 -67.8    4:40   4.1   0.0   0.0   3.2  20.9    8:10   WNW
 9  13.0  18.0   13:40 -67.8    4:40   4.6   0.0   0.0   3.2  19.3   15:00   WNW
10  14.3  17.0   22:50 -67.8    4:40   3.5   0.0   0.0   6.4  35.4   23:00   ESE
11  14.9  17.6   13:30 -67.8    4:40   3.0   0.0   4.4   3.2  24.1   15:20   WNW
12  14.7  17.8   11:30 -67.8    4:40   3.1   0.0   0.0   4.0  22.5   11:50   WNW
13  13.3  17.3    4:40 -67.8    4:40   4.3   0.0   4.0   6.6  51.5    4:40     E
14  11.9  15.2   10:50 -67.8    4:20   5.5   0.0   1.2  15.4  67.6   14:50    NW
15  12.2  16.0   14:20 -67.8    4:50   5.4   0.0   0.0   4.8  33.8    1:00   WNW
16  12.9  17.3   14:10 -67.8    4:40   4.6   0.0   2.2   5.8  32.2   20:20   WNW
17  15.9  17.3   11:40 -67.8    4:50   2.1   0.0   0.2   8.2  40.2   16:10   WNW
18  13.3  17.0    4:30 -67.8    4:30   4.2   0.0   0.8  12.1  62.8   12:00   WNW
19  12.4  17.2   13:40 -67.8    4:50   5.2   0.0   0.0   4.7  51.5    2:10   WNW
20  13.5  17.1   12:20 -67.8    4:50   4.2   0.0   0.0   2.9  29.0   13:40   WNW
21  14.2  17.3   13:50 -67.8    4:50   3.6   0.0   1.4  10.0  48.3   15:00   ESE
22  13.3  17.1   11:00 -67.8    4:20   4.2   0.0   0.6   8.2  62.8   14:20   WNW
23  12.4  14.8   11:10 -67.8    4:50   5.1   0.0   0.0  16.1  70.8   23:20   WNW
24   9.3  12.1    1:40 -67.8    4:50   7.9   0.0   0.8  27.2  90.1   17:00   WNW
25   8.7  10.3   14:40 -67.8    4:50   8.5   0.0   7.0  36.4 111.0   18:40   WNW
26  10.2  12.1   11:50 -67.8    4:50   7.1   0.0   0.4  25.6  95.0   14:40   WNW
27  11.2  15.8   13:40 -67.8    5:00   6.3   0.0   0.0  10.5  93.3    9:10   WNW
28  11.1  16.6   15:20 -67.8    5:00   6.4   0.0   0.0   2.6  20.9   13:50   WNW
29  13.3  18.8   15:10   8.4   00:00   4.4   0.0   0.0   3.4  29.0   20:00   WNW
30  12.2  17.6   14:20   5.7    5:00   5.4   0.0   0.0   3.7  17.7   14:30    NW
31  11.9  17.4   14:50 -67.8    5:00   5.6   0.0   0.0   4.2  24.1   16:20   WNW
-------------------------------------------------------------------------------------
    12.8  18.9     7   -67.8     1   148.8   0.1  59.2   8.7 111.0    25     WNW

Max >=  32.0:  0
Max <=   0.0:  0
Min <=   0.0: 28
Min <= -18.0: 28
Max Rain: 27.00 ON 04/01/18
Days of Rain: 15 (> .2 mm) 7 (> 2 mm) 1 (> 20 mm)
Heat Base:  18.3  Cool Base:  18.3  Method: Integration