NOAA Reports/Αναφορές NOAA

Select a Year or Month report
2018 > Jan Feb Mar Apr May Jun Jul Aug Sep Oct Nov Dec
2017 > Jan Feb Mar Apr May Jun Jul Aug Sep Oct Nov Dec
2016 > Jan Feb Mar Apr May Jun Jul Aug Sep Oct Nov Dec

Report for 2017 Dec
                   MONTHLY CLIMATOLOGICAL SUMMARY for DEC. 2017

NAME: Agia Galini Weather Station   CITY: Agia Galini   STATE: Greece 
ELEV:    25 m  LAT:  35 05' 45" N  LONG:  24 41' 15" E

                   TEMPERATURE (C), RAIN  (mm), WIND SPEED (km/hr)

                                      HEAT  COOL        AVG
    MEAN                              DEG   DEG         WIND                 DOM
DAY TEMP  HIGH   TIME   LOW    TIME   DAYS  DAYS  RAIN  SPEED HIGH   TIME    DIR
------------------------------------------------------------------------------------
 1  17.5  20.1   11:20 -67.8    4:20   1.4   0.6   0.0   9.3  38.6   13:50   ESE
 2  18.8  20.7   11:20  15.7   23:50   0.5   0.9   0.0   7.7  30.6   12:00    SE
 3  17.3  21.5   12:10 -67.8    4:30   1.7   0.8   0.0   3.1  17.7   14:00    NW
 4  16.6  20.6   13:50 -67.8    4:20   1.9   0.4   0.0   3.9  29.0   13:20    NW
 5  14.9  18.2   14:00 -67.8    4:20   2.9   0.0   0.2  10.6  49.9   16:00   WNW
 6  10.9  12.7   14:00 -67.8    4:20   6.4   0.0   1.4  16.6  74.0    3:40   WNW
 7  11.7  16.7   13:40 -67.8    4:30   5.7   0.0   0.0   4.2  22.5    1:50    NW
 8  12.0  17.9   13:50 -67.8    4:20   5.4   0.0   0.0   3.4  24.1   14:30    NW
 9  14.1  18.9   13:10 -67.8    4:20   3.7   0.0   1.0   2.3  41.8   20:00   WNW
10  14.5  18.6    9:10 -67.8    4:20   3.2   0.0   1.2   2.6  38.6   12:20   WNW
11  13.1  17.1   14:20 -67.8    4:30   4.5   0.0   0.0   3.1  17.7   20:40   WNW
12  13.7  19.8   14:00 -67.8    4:20   4.0   0.1   0.0   3.9  19.3    4:00   WNW
13  14.8  19.7   13:10 -67.8    4:30   3.2   0.1   0.0   5.6  35.4   14:20   WNW
14  15.7  20.2   11:50 -67.8    4:30   2.4   0.2   0.0   6.6  40.2   16:10   WNW
15  17.2  19.9   13:20 -67.8    4:30   1.1   0.2   0.0   4.0  30.6   11:50   WNW
16  17.2  19.2   11:40 -67.8    4:30   1.1   0.2   0.2   8.7  37.0   13:00   ESE
17  17.9  20.4   10:50 -67.8    4:10   0.9   0.5   0.0   6.8  56.3    2:10   WNW
18  15.1  18.9   12:50 -67.8    4:20   2.7   0.0   0.8   2.9  30.6   15:10   WNW
19  13.4  16.3   13:10 -67.8    4:30   4.1   0.0   0.0   2.6  29.0   21:10    NW
20  13.2  16.1   13:00 -67.8    4:10   4.2   0.0   0.0   6.1  25.7   12:40   ESE
21  13.2  16.4   12:40 -67.8    4:20   4.4   0.0   0.0   3.9  25.7   18:10   ESE
22  16.8  20.3   15:20  13.6   00:00   1.7   0.4   4.4   6.0  46.7   15:50   ESE
23  11.6  14.2    3:10 -67.8    4:20   5.6   0.0   5.6  24.0  85.3   13:40   WNW
24  10.3  13.8   23:50 -67.8    4:00   6.6   0.0   5.0  16.1  70.8   18:30   WNW
25  13.3  18.2   13:50 -67.8    4:30   4.3   0.0   0.0   6.3  53.1    3:50    NW
26  12.2  17.2   13:30 -67.8    4:30   5.3   0.0   0.0   4.0  24.1   15:10   WNW
27  12.9  17.9   14:00 -67.8    4:30   4.6   0.0   0.0   3.2  24.1   13:00    NW
28  14.8  18.2   13:20 -67.8    4:30   2.9   0.0   1.0   8.9  61.2   22:40     E
29  14.8  17.9    0:10  12.2   22:10   2.9   0.0  11.4   7.1  74.0    4:10   WNW
30  12.1  16.6   12:50 -67.8    4:30   5.4   0.0   6.4   3.1  35.4    1:10   WNW
31  12.4  14.8   12:20 -67.8    4:20   5.0   0.0   0.2  10.8  59.5   12:00   WNW
-------------------------------------------------------------------------------------
    14.3  21.5     3   -67.8     1   109.8   4.5  38.8   6.7  85.3    23     WNW

Max >=  32.0:  0
Max <=   0.0:  0
Min <=   0.0: 28
Min <= -18.0: 28
Max Rain: 11.40 ON 29/12/17
Days of Rain: 13 (> .2 mm) 5 (> 2 mm) 0 (> 20 mm)
Heat Base:  18.3  Cool Base:  18.3  Method: Integration