NOAA Reports/Αναφορές NOAA

Select a Year or Month report
2018 > Jan Feb Mar Apr May Jun Jul Aug Sep Oct Nov Dec
2017 > Jan Feb Mar Apr May Jun Jul Aug Sep Oct Nov Dec
2016 > Jan Feb Mar Apr May Jun Jul Aug Sep Oct Nov Dec

Report for 2017 Nov
                   MONTHLY CLIMATOLOGICAL SUMMARY for NOV. 2017

NAME: Agia Galini Weather Station   CITY: Agia Galini   STATE: Greece 
ELEV:    25 m  LAT:  35 05' 45" N  LONG:  24 41' 15" E

                   TEMPERATURE (C), RAIN  (mm), WIND SPEED (km/hr)

                                      HEAT  COOL        AVG
    MEAN                              DEG   DEG         WIND                 DOM
DAY TEMP  HIGH   TIME   LOW    TIME   DAYS  DAYS  RAIN  SPEED HIGH   TIME    DIR
------------------------------------------------------------------------------------
 1  17.4  21.2   12:10  13.1    6:50   1.5   0.6   0.0   3.9  22.5    8:00    NW
 2  17.1  20.8   13:30  12.4   23:20   1.7   0.4   0.0   5.3  32.2   14:10    NW
 3  16.2  21.4   14:30  11.2    5:00   2.7   0.6   0.0   4.5  27.4   13:30    NW
 4  16.8  20.8   13:20  13.4    0:30   1.7   0.3   0.0   8.9  51.5   20:20    NW
 5  18.1  19.7   12:40  16.3   00:00   0.5   0.2   0.0  18.7  57.9   15:20    NW
 6  16.1  20.9   15:00  11.7    6:20   2.7   0.5   0.0   5.5  27.4    1:30    NW
 7  16.3  22.1   13:00  11.6    6:20   2.8   0.8   0.0   5.5  20.9   13:10    NW
 8  17.7  22.1   14:00  13.2    5:20   1.7   1.1   0.0   4.0  14.5    0:10    NW
 9  18.4  23.1   13:30  14.6    3:50   1.1   1.2   0.0   4.5  25.7   12:10    NW
10  18.3  22.7   14:00  14.9    7:10   0.9   1.0   0.0   4.8  25.7    8:10    NW
11  17.0  22.2   15:20  11.9    7:00   2.2   0.9   0.8   4.7  22.5    4:50    NW
12  18.4  21.1   13:10  13.9    2:40   1.1   1.2   0.0   7.7  27.4   15:10    SE
13  18.7  21.1    6:40  13.5   23:50   0.8   1.1   3.2  10.9  75.6    9:20    NW
14  17.1  21.8   12:50  12.3    5:30   2.1   0.9   0.0   4.7  20.9   14:50    NW
15  19.8  22.5   11:30  16.7    4:40   0.2   1.7   0.0   6.9  25.7   12:40    NW
16  19.5  22.7   11:50  16.5    4:50   0.3   1.5   0.0   6.6  29.0   13:30    NW
17  19.2  22.4   14:10  15.4   22:30   0.4   1.3   0.2   2.7  27.4   13:30    NW
18  16.2  19.5   14:50  13.7   00:00   2.3   0.1  14.6   3.1  24.1    6:50    NW
19  16.6  20.2   12:00  12.6    7:00   2.0   0.2   1.4   4.0  29.0   13:30    NW
20  16.9  20.2   13:20  13.7   23:40   1.6   0.3   4.0  11.4  57.9   20:00    NW
21  14.1  16.0   11:30   9.4   00:00   4.2   0.0   0.0  10.1  56.3    0:40    NW
22  12.8  19.4   14:40   7.1    5:50   5.5   0.0   0.0   4.2  20.9   13:30    NW
23  14.6  20.7   14:00   9.2    5:40   3.9   0.2   0.0   4.0  19.3    3:10    NW
24  15.1  20.6   13:30 -67.8    5:50   3.3   0.3   0.0   3.9  17.7    1:10    NW
25  15.9  19.2   12:30  12.4    4:30   2.2   0.1   0.0   3.2  17.7    8:20    NW
26  15.7  20.2   13:20 -67.8    4:30   2.5   0.2   0.0   4.0  25.7   13:00   WNW
27  14.9  18.2   15:20 -67.8    4:20   2.7   0.0   8.0   3.5  51.5   10:40   WNW
28  14.6  17.9   10:30 -67.8    4:20   3.3   0.0   0.0   4.5  37.0   19:00   WNW
29  14.8  18.4   13:40 -67.8    4:20   3.0   0.0   0.2   3.5  25.7   16:20   WNW
30  15.2  18.9   15:20 -67.8    4:20   2.7   0.1   0.0   2.6  20.9   12:30    NW
-------------------------------------------------------------------------------------
    16.6  23.1     9   -67.8    24    63.7  17.0  32.4   5.7  75.6    13      NW

Max >=  32.0:  0
Max <=   0.0:  0
Min <=   0.0:  6
Min <= -18.0:  6
Max Rain: 14.60 ON 18/11/17
Days of Rain: 8 (> .2 mm) 4 (> 2 mm) 0 (> 20 mm)
Heat Base:  18.3  Cool Base:  18.3  Method: Integration