NOAA Reports/Αναφορές NOAA

Select a Year or Month report
2018 > Jan Feb Mar Apr May Jun Jul Aug Sep Oct Nov Dec
2017 > Jan Feb Mar Apr May Jun Jul Aug Sep Oct Nov Dec
2016 > Jan Feb Mar Apr May Jun Jul Aug Sep Oct Nov Dec

Report for 2017 Oct
                   MONTHLY CLIMATOLOGICAL SUMMARY for OCT. 2017

NAME: Agia Galini Weather Station   CITY: Agia Galini   STATE: Greece 
ELEV:    25 m  LAT:  35 05' 45" N  LONG:  24 41' 15" E

                   TEMPERATURE (C), RAIN  (mm), WIND SPEED (km/hr)

                                      HEAT  COOL        AVG
    MEAN                              DEG   DEG         WIND                 DOM
DAY TEMP  HIGH   TIME   LOW    TIME   DAYS  DAYS  RAIN  SPEED HIGH   TIME    DIR
------------------------------------------------------------------------------------
 1  22.4  26.5   13:10  18.8    7:00   0.0   4.1   0.0   8.9  51.5   23:20    NW
 2  22.7  25.3   13:40  21.2    7:10   0.0   4.4   0.0  20.3  57.9    2:20    NW
 3  21.9  24.2   12:50  19.9   22:10   0.0   3.6   0.0  10.5  53.1    8:30    NW
 4  22.1  27.2   15:40  17.3    5:00   0.1   3.8   0.0   5.0  33.8   17:20    NW
 5  23.4  29.2   16:30  18.1    5:20   0.0   5.1   0.0   4.3  37.0   16:30    NW
 6  22.2  25.6   15:20  17.9    5:10   0.0   3.8   0.0   3.4  30.6   11:50    NW
 7  23.3  26.8   15:30  19.3    7:00   0.0   5.0   0.0   4.8  38.6   13:10    NW
 8  21.6  24.2   14:50  19.2   00:00   0.0   3.2   0.0   8.9  41.8   19:00    NW
 9  19.5  24.4   15:00  14.2    7:10   0.9   2.1   0.0   4.2  25.7   15:50    NW
10  20.1  25.2   14:30  13.8    7:40   0.7   2.5   0.0   4.5  29.0   14:40    NW
11  20.4  25.1   13:30  15.3    6:30   0.6   2.7   0.0  10.1  53.1   17:20    NW
12  22.0  24.5   12:30  20.8    0:10   0.0   3.7   0.0  21.9  70.8   13:40    NW
13  22.4  25.4   15:50  18.9    7:20   0.0   4.1   0.0   9.3  56.3   19:40    NW
14  22.3  25.1   12:50  18.9    6:30   0.0   4.0   0.0  15.3  77.2   19:20    NW
15  21.8  25.3   15:20  19.9    7:40   0.0   3.5   0.0  18.0  86.9    6:30    NW
16  21.9  27.2   15:00  16.9    3:50   0.2   3.8   0.0   7.6  57.9   19:00    NW
17  22.9  25.9   15:20  19.4   00:00   0.0   4.7   0.0   7.2  53.1    5:10    NW
18  20.9  25.4   14:00  17.4    7:50   0.1   2.7   0.0   3.2  20.9    9:10    NW
19  20.2  24.8   15:10  15.7    7:20   0.5   2.4   0.0   4.2  29.0   14:20    NW
20  20.1  25.1   14:10  14.3    7:10   0.7   2.5   0.0   4.5  19.3    5:00    NW
21  20.4  25.5   13:30  14.7    6:20   0.7   2.8   0.0   3.5  25.7   15:20    NW
22  20.3  24.9   14:50  15.4    7:10   0.6   2.6   0.0   4.2  16.1    4:00    NW
23  19.9  24.3   12:50  14.1    7:40   0.9   2.6   0.0   5.0  32.2   13:40    NW
24  20.1  22.7   14:50  16.9   22:50   0.1   1.9   0.0   3.9  35.4    0:30    NW
25  18.3  22.1   15:00  14.6    8:30   1.0   1.0   0.0   4.2  20.9    1:10    NW
26  19.5  23.7   14:10  15.6    1:20   0.7   1.9   0.0   6.6  51.5   20:20    NW
27  20.3  23.5   14:30  17.2   00:00   0.1   2.0   0.0   9.2  54.7    1:20    NW
28  19.3  23.3   14:10  13.1    7:50   1.1   2.1   0.0   3.5  29.0   12:40    NW
29  19.6  22.5   13:20  15.9   23:50   0.1   1.4   0.0   4.2  35.4   20:10    NW
30  19.1  23.9   14:10  15.6    6:40   0.6   1.4   0.0   4.0  37.0   14:50    NW
31  18.1  23.1   13:30  15.6    2:20   0.9   0.7   0.0   5.0  24.1   14:30    NW
-------------------------------------------------------------------------------------
    20.9  29.2     5    13.1    28    10.6  92.4   0.0   7.4  86.9    15      NW

Max >=  32.0:  0
Max <=   0.0:  0
Min <=   0.0:  0
Min <= -18.0:  0
Max Rain: 0.00 ON 01/10/17
Days of Rain: 0 (> .2 mm) 0 (> 2 mm) 0 (> 20 mm)
Heat Base:  18.3  Cool Base:  18.3  Method: Integration