NOAA Reports/Αναφορές NOAA

Select a Year or Month report
2018 > Jan Feb Mar Apr May Jun Jul Aug Sep Oct Nov Dec
2017 > Jan Feb Mar Apr May Jun Jul Aug Sep Oct Nov Dec
2016 > Jan Feb Mar Apr May Jun Jul Aug Sep Oct Nov Dec

Report for 2017 Aug
                   MONTHLY CLIMATOLOGICAL SUMMARY for AUG. 2017

NAME: Agia Galini Weather Station   CITY: Agia Galini   STATE: Greece 
ELEV:    25 m  LAT:  35 05' 45" N  LONG:  24 41' 15" E

                   TEMPERATURE (C), RAIN  (mm), WIND SPEED (km/hr)

                                      HEAT  COOL        AVG
    MEAN                              DEG   DEG         WIND                 DOM
DAY TEMP  HIGH   TIME   LOW    TIME   DAYS  DAYS  RAIN  SPEED HIGH   TIME    DIR
------------------------------------------------------------------------------------
 1  28.3  32.9   13:50  23.4    6:00   0.0  10.0   0.0   6.8  30.6   15:30    NW
 2  28.4  32.3   14:30  24.0    6:20   0.0  10.1   0.0  10.5  66.0   19:30    NW
 3  29.1  32.2   16:10  24.9    5:40   0.0  10.8   0.0  12.1  64.4   21:20    NW
 4  30.7  32.3   12:10  28.6    6:50   0.0  12.4   0.0  24.5  75.6   15:50    NW
 5  31.8  33.9   14:10  29.8    5:20   0.0  13.5   0.0  24.8  70.8    8:40    NW
 6  32.4  36.2   12:50  28.7    6:20   0.0  14.1   0.0  15.0  66.0   17:50    NW
 7  32.6  36.3   16:50  28.2   00:00   0.0  14.3   0.0  12.7  57.9   15:50    NW
 8  30.3  36.7   16:30  25.1    5:30   0.0  12.0   0.0   7.7  56.3   18:50    NW
 9  31.4  35.9   16:30  27.8    4:30   0.0  13.2   0.0   5.3  35.4   22:00    NW
10  31.9  36.4   16:40  28.6    7:00   0.0  13.6   0.0   7.1  51.5   23:10    NW
11  32.7  36.5   15:20  28.7    6:50   0.0  14.3   0.0  13.8  59.5   17:00    NW
12  33.5  37.4   16:30  29.2    6:10   0.0  15.2   0.0  10.6  67.6    0:20    NW
13  28.5  32.4   12:30  24.9    6:40   0.0  10.2   0.0   4.7  32.2   16:50    NW
14  27.8  33.1   16:00  22.2    7:10   0.0   9.6   0.0  10.3  49.9   15:20    NW
15  28.9  31.8   15:10  27.1    7:00   0.0  10.7   0.0  31.2  83.7   18:30    NW
16  28.0  29.8   12:20  26.3    6:50   0.0   9.7   0.0  35.1  91.7    7:10    NW
17  28.2  29.8   15:10  26.9    7:00   0.0   9.9   0.0  28.6  74.0    5:30    NW
18  29.7  32.6   13:50  27.9    7:00   0.0  11.4   0.0  21.2  57.9    3:00    NW
19  28.2  32.8   18:20  24.1    6:50   0.0   9.9   0.0   4.0  24.1   19:50    NW
20  27.9  32.2   18:00  23.9    5:00   0.0   9.6   0.0   4.5  27.4   14:50    NW
21  26.4  29.9   13:50  22.7    7:20   0.0   8.1   0.0   4.3  25.7   19:10    NW
22  25.9  30.0   14:10  21.4    7:10   0.0   7.6   0.0   5.1  30.6   16:00    NW
23  26.8  31.9   18:20  22.1    6:40   0.0   8.5   0.0   4.8  27.4   18:10    NW
24  27.4  30.2   15:00  24.3    2:20   0.0   9.1   0.0  21.4  72.4   15:50    NW
25  27.1  32.3   15:20  22.5    6:20   0.0   8.8   0.0   6.3  41.8    1:00    NW
26  27.1  32.7   16:50  22.3    5:00   0.0   8.7   0.0   5.0  29.0   16:20    NW
27  26.3  30.7   15:00  21.7    5:20   0.0   8.0   0.0   7.4  40.2   10:50    NW
28  26.7  30.3   13:30  22.4    5:40   0.0   8.4   0.0  11.3  57.9   11:20    NW
29  27.7  33.9   17:00  22.2    6:50   0.0   9.4   0.0   4.5  32.2   17:50    NW
30  27.3  32.2   15:10  23.6    6:10   0.0   9.0   0.0   7.6  53.1   22:00    NW
31  25.3  27.2   12:40  23.5    7:00   0.0   7.0   0.0  22.7  67.6    6:30    NW
-------------------------------------------------------------------------------------
    28.9  37.4    12    21.4    22     0.0 327.4   0.0  12.6  91.7    16      NW

Max >=  32.0: 21
Max <=   0.0:  0
Min <=   0.0:  0
Min <= -18.0:  0
Max Rain: 0.00 ON 01/08/17
Days of Rain: 0 (> .2 mm) 0 (> 2 mm) 0 (> 20 mm)
Heat Base:  18.3  Cool Base:  18.3  Method: Integration