NOAA Reports/Αναφορές NOAA

Select a Year or Month report
2018 > Jan Feb Mar Apr May Jun Jul Aug Sep Oct Nov Dec
2017 > Jan Feb Mar Apr May Jun Jul Aug Sep Oct Nov Dec
2016 > Jan Feb Mar Apr May Jun Jul Aug Sep Oct Nov Dec

Report for 2017 Jul
                   MONTHLY CLIMATOLOGICAL SUMMARY for JUL. 2017

NAME: Agia Galini Weather Station   CITY: Agia Galini   STATE: Greece 
ELEV:    25 m  LAT:  35 05' 45" N  LONG:  24 41' 15" E

                   TEMPERATURE (C), RAIN  (mm), WIND SPEED (km/hr)

                                      HEAT  COOL        AVG
    MEAN                              DEG   DEG         WIND                 DOM
DAY TEMP  HIGH   TIME   LOW    TIME   DAYS  DAYS  RAIN  SPEED HIGH   TIME    DIR
------------------------------------------------------------------------------------
 1  36.4  42.8   14:20  30.8    3:10   0.0  18.1   0.0  13.0  69.2   16:20    NW
 2  34.6  42.7   18:10  29.7    5:50   0.0  16.3   0.0   5.5  33.8   18:00    NW
 3  28.3  35.1    0:20  25.2    6:30   0.0  10.0   0.0   5.1  33.8   13:50    NW
 4  26.8  30.8   11:40  22.0    5:50   0.0   8.5   0.0  19.8  69.2   21:00    NW
 5  26.3  28.2   13:40  24.9    6:40   0.0   8.0   0.0  30.4  86.9    5:40    NW
 6  27.5  30.7   16:10  24.8    5:00   0.0   9.2   0.0  19.6  75.6   19:20    NW
 7  29.6  33.3   14:20  27.1    6:30   0.0  11.3   0.0  28.6  75.6   16:40    NW
 8  30.1  33.8   14:50  26.3   00:00   0.0  11.7   0.0  28.3  86.9   13:30    NW
 9  30.3  35.1   17:00  25.1    2:40   0.0  12.0   0.0  14.2  64.4   15:10    NW
10  31.0  37.0   16:00  26.1    1:20   0.0  12.7   0.0   4.7  33.8   20:20    NW
11  31.8  35.6   14:50  27.9    1:20   0.0  13.5   0.0  10.8  61.2   18:40    NW
12  32.4  38.3   16:40  25.9    5:20   0.0  14.1   0.0  11.7  54.7   13:20    NW
13  27.9  33.7   10:50  24.3    5:30   0.0   9.6   0.0   3.2  17.7   11:40    SE
14  32.5  38.4   15:20  25.8    6:50   0.0  14.2   0.0   6.8  51.5   12:00    NW
15  29.9  36.1   13:10  25.1    6:10   0.0  11.6   0.0   4.2  46.7    9:20    NW
16  28.7  32.1   16:50  25.2    6:40   0.0  10.4   0.0   4.3  27.4    0:20   ESE
17  26.7  30.6   12:00  23.2    6:40   0.0   8.4   0.0   5.8  29.0   12:40    NW
18  26.4  29.9   15:20  23.7    6:30   0.0   8.1   0.0  11.3  70.8   20:20    NW
19  25.7  27.7   16:00  23.6    5:30   0.0   7.3   0.0  27.2  70.8   22:50    NW
20  28.1  31.8   15:30  25.7    5:50   0.0   9.8   0.0  25.1  72.4    5:20    NW
21  28.7  31.3   15:00  25.9    7:00   0.0  10.4   0.0  18.3  69.2   18:30    NW
22  30.1  33.3   14:50  26.6    7:10   0.0  11.8   0.0  14.5  67.6    3:40    NW
23  32.3  37.5   16:10  28.6    7:50   0.0  14.0   0.0  12.6  56.3    5:10    NW
24  33.2  39.0   15:30  27.3    6:50   0.0  14.9   0.0  10.0  49.9   13:50    NW
25  28.7  34.7   10:30  25.9    6:20   0.0  10.4   0.0   4.0  25.7   18:20    NW
26  26.8  29.4   15:40  23.4    6:50   0.0   8.5   0.0   4.2  27.4   16:40    NW
27  26.6  28.5   13:00  24.6   00:00   0.0   8.3   0.0   9.0  35.4   17:20    NW
28  26.4  31.8   17:50  21.7    3:40   0.0   8.2   0.0   4.7  32.2   19:00    NW
29  27.7  33.4   16:30  21.1    6:30   0.0   9.4   0.0   8.9  57.9   20:00    NW
30  29.7  34.0   17:10  25.3    7:00   0.0  11.4   0.0  10.1  74.0   21:00    NW
31  29.7  33.2   14:40  25.1   00:00   0.0  11.4   0.0  10.9  57.9    0:30    NW
-------------------------------------------------------------------------------------
    29.4  42.8     1    21.1    29     0.0 343.4   0.0  12.5  86.9     5      NW

Max >=  32.0: 20
Max <=   0.0:  0
Min <=   0.0:  0
Min <= -18.0:  0
Max Rain: 0.00 ON 01/07/17
Days of Rain: 0 (> .2 mm) 0 (> 2 mm) 0 (> 20 mm)
Heat Base:  18.3  Cool Base:  18.3  Method: Integration