NOAA Reports/Αναφορές NOAA

Select a Year or Month report
2018 > Jan Feb Mar Apr May Jun Jul Aug Sep Oct Nov Dec
2017 > Jan Feb Mar Apr May Jun Jul Aug Sep Oct Nov Dec
2016 > Jan Feb Mar Apr May Jun Jul Aug Sep Oct Nov Dec

Report for 2017 Jun
                   MONTHLY CLIMATOLOGICAL SUMMARY for JUN. 2017

NAME: Agia Galini Weather Station   CITY: Agia Galini   STATE: Greece 
ELEV:    25 m  LAT:  35 05' 45" N  LONG:  24 41' 15" E

                   TEMPERATURE (C), RAIN  (mm), WIND SPEED (km/hr)

                                      HEAT  COOL        AVG
    MEAN                              DEG   DEG         WIND                 DOM
DAY TEMP  HIGH   TIME   LOW    TIME   DAYS  DAYS  RAIN  SPEED HIGH   TIME    DIR
------------------------------------------------------------------------------------
 1  20.4  24.5   17:20  15.4    6:50   0.5   2.6   0.0   3.9  22.5   14:40    NW
 2  22.1  29.3   10:20  17.2    5:30   0.1   3.8   0.0   4.0  27.4   10:30    NW
 3  21.4  26.0   15:50  16.3    5:50   0.1   3.3   0.0   2.9  22.5   16:00    NW
 4  22.3  25.7   10:30  18.3    6:30   0.0   4.0   0.0   3.5  17.7   12:10    NW
 5  23.2  26.7   10:30  19.4    5:10   0.0   4.9   0.0   4.0  24.1   13:10   ESE
 6  23.1  27.2   16:40  18.2    6:00   0.0   4.8   0.0   3.7  24.1   12:50    NW
 7  24.7  30.7   12:00  20.7    6:00   0.0   6.4   0.6   3.7  24.1   16:30    NW
 8  25.8  30.3   13:50  22.4    7:10   0.0   7.5   0.2   6.3  40.2   22:50    NW
 9  24.9  27.9   12:20  22.6   22:10   0.0   6.6   0.0   6.4  40.2    3:00    NW
10  24.1  28.6   11:00  19.2    6:30   0.0   5.8   0.0   3.1  24.1   15:20    NW
11  23.7  27.3   13:40  19.6    4:20   0.0   5.4   0.0   4.8  22.5   14:10    NW
12  24.5  28.6   14:30  20.7    6:20   0.0   6.2   0.0   4.8  33.8   15:20    NW
13  25.1  28.8   15:50  20.8    5:30   0.0   6.8   0.0   6.9  45.1   20:00    NW
14  26.9  33.1   15:50  20.2    6:10   0.0   8.6   0.0   8.9  48.3   16:00    NW
15  25.3  30.0   12:40  21.5    6:30   0.0   7.1   0.0   2.7  16.1   16:40    SE
16  24.9  27.8    9:00  21.7    6:40   0.0   6.6   0.0   2.9  17.7   10:30    NW
17  24.8  27.9   16:20  21.7    6:40   0.0   6.5   0.0   5.0  33.8   18:00    NW
18  24.5  27.9   16:20  20.8    5:00   0.0   6.2   0.0   4.3  27.4   22:20   ESE
19  24.8  28.1   12:40  22.4    6:00   0.0   6.5   0.0  14.0  61.2   21:10    NW
20  24.4  26.9   14:50  22.0    6:30   0.0   6.1   0.0  25.3  64.4   12:00    NW
21  26.6  30.1   16:00  23.5    2:30   0.0   8.3   0.0  17.1  51.5    6:40    NW
22  26.9  31.8   16:00  21.0    6:40   0.0   8.6   0.0   7.2  48.3   18:30    NW
23  25.8  30.8   15:20  20.9    6:50   0.0   7.5   0.0   6.0  30.6   16:10    NW
24  25.4  30.4   10:30  21.1    4:50   0.0   7.1   0.0   3.9  22.5   11:50    NW
25  25.8  31.1   10:20  21.6    1:10   0.0   7.5   0.0   4.8  22.5   13:00    NW
26  27.9  32.8   11:00  23.8    5:40   0.0   9.6   0.0   5.3  27.4   15:00    NW
27  27.1  30.7   12:40  23.7    6:00   0.0   8.8   0.0   3.5  30.6   16:50    NW
28  26.1  30.3   11:00  22.2    6:20   0.0   7.8   0.0   3.2  24.1   15:30    NW
29  27.0  31.8    9:40  22.4    5:30   0.0   8.7   0.0   3.4  16.1   12:30    NW
30  32.2  41.8   18:00  25.8    3:50   0.0  13.9   0.0   6.6  40.2   18:30    NW
-------------------------------------------------------------------------------------
    25.1  41.8    30    15.4     1     0.7 203.6   0.8   6.1  64.4    20      NW

Max >=  32.0:  3
Max <=   0.0:  0
Min <=   0.0:  0
Min <= -18.0:  0
Max Rain: 0.61 ON 07/06/17
Days of Rain: 2 (> .2 mm) 0 (> 2 mm) 0 (> 20 mm)
Heat Base:  18.3  Cool Base:  18.3  Method: Integration