NOAA Reports/Αναφορές NOAA

Select a Year or Month report
2018 > Jan Feb Mar Apr May Jun Jul Aug Sep Oct Nov Dec
2017 > Jan Feb Mar Apr May Jun Jul Aug Sep Oct Nov Dec
2016 > Jan Feb Mar Apr May Jun Jul Aug Sep Oct Nov Dec

Report for 2017 May
                   MONTHLY CLIMATOLOGICAL SUMMARY for MAY. 2017

NAME: Agia Galini Weather Station   CITY: Agia Galini   STATE: Greece 
ELEV:    25 m  LAT:  35 05' 45" N  LONG:  24 41' 15" E

                   TEMPERATURE (C), RAIN  (mm), WIND SPEED (km/hr)

                                      HEAT  COOL        AVG
    MEAN                              DEG   DEG         WIND                 DOM
DAY TEMP  HIGH   TIME   LOW    TIME   DAYS  DAYS  RAIN  SPEED HIGH   TIME    DIR
------------------------------------------------------------------------------------
 1  20.0  24.3   15:00  16.9    4:00   0.4   2.1   4.0  10.5  56.3   12:50    NW
 2  21.0  25.2    9:50  16.3    2:30   0.2   3.0   0.0   4.3  22.5   15:10    NW
 3  18.9  23.2   15:50  14.6    7:00   0.7   1.4   0.0   3.4  25.7   15:50    NW
 4  19.2  22.7   12:50  15.4    5:40   0.7   1.6   0.0   3.5  22.5   15:00    NW
 5  19.9  25.4   21:20  14.4    6:20   0.7   2.3   0.0   4.7  29.0   21:10    NW
 6  20.7  25.3   15:10  16.4    6:40   0.2   2.6   0.0   5.0  38.6   17:40    NW
 7  19.9  24.2   12:40  15.8    7:00   0.5   2.1   0.0   3.1  24.1   17:20    NW
 8  21.4  26.9   13:40  16.8    3:30   0.3   3.4   0.0   2.3  16.1   14:40    NW
 9  23.3  24.7    3:30  21.1    0:10   0.0   2.4   0.0   2.4  29.0    1:30    NW
10   ---   ---     ---   ---     ---   0.0   0.0   0.0   0.0   0.0     ---   ---
11   ---   ---     ---   ---     ---   0.0   0.0   0.0   0.0   0.0     ---   ---
12   ---   ---     ---   ---     ---   0.0   0.0   0.0   0.0   0.0     ---   ---
13   ---   ---     ---   ---     ---   0.0   0.0   0.0   0.0   0.0     ---   ---
14   ---   ---     ---   ---     ---   0.0   0.0   0.0   0.0   0.0     ---   ---
15   ---   ---     ---   ---     ---   0.0   0.0   0.0   0.0   0.0     ---   ---
16  19.4  19.7   22:10  19.3   23:40   0.0   0.1   0.0   0.6  24.1   22:20   ESE
17  20.7  24.4   13:00  17.4    6:30   0.1   2.4   0.0   4.7  24.1    5:30    NW
18  19.2  23.7   12:40  17.3   23:50   0.1   1.0   4.6   3.4  25.7   10:40    NW
19  18.9  22.0   16:10  15.3    3:10   0.6   1.2   1.8   8.7  57.9   14:00    NW
20  20.8  26.5   16:00  15.0    6:40   0.4   2.9   0.0   6.9  33.8   18:50    NW
21  19.5  22.7   15:50  14.9    6:10   0.5   1.8   0.0   4.7  32.2   15:10    NW
22  19.2  22.4   16:00  15.9    3:40   0.6   1.5   2.8  13.2  67.6   18:40    NW
23  22.7  27.8   17:30  18.3    2:40   0.0   4.4   0.0   6.4  45.1   12:40    NW
24  20.9  25.3   12:10  16.2    6:10   0.3   2.9   0.0   3.2  20.9   16:30    NW
25  19.8  23.7   16:10  15.3    6:50   0.5   2.0   0.0   4.2  29.0   12:50    NW
26  19.6  23.2   14:00  15.6    4:50   0.6   1.9   0.0   4.3  27.4   16:30    NW
27  20.3  23.5   17:30  17.9    6:40   0.0   2.0   0.2   4.0  33.8   14:00    NW
28  19.7  24.0   13:20  15.9    4:20   0.5   1.9   2.8   4.0  33.8   16:00    NW
29  19.4  23.9   17:40  16.0    6:20   0.5   1.6   0.6   3.5  29.0   12:20    NW
30  20.3  24.2   14:00  16.4    6:20   0.2   2.2   0.0   3.7  30.6   16:30    NW
31  20.2  24.4   17:20  14.6    6:20   0.6   2.5   0.0   5.3  33.8   16:40    NW
-------------------------------------------------------------------------------------
    20.2  27.8    23    14.4     5     9.3  53.4  16.8   3.9  67.6    22      NW

Max >=  32.0:  0
Max <=   0.0:  0
Min <=   0.0:  0
Min <= -18.0:  0
Max Rain: 4.60 ON 18/05/17
Days of Rain: 7 (> .2 mm) 4 (> 2 mm) 0 (> 20 mm)
Heat Base:  18.3  Cool Base:  18.3  Method: Integration