NOAA Reports/Αναφορές NOAA

Select a Year or Month report
2018 > Jan Feb Mar Apr May Jun Jul Aug Sep Oct Nov Dec
2017 > Jan Feb Mar Apr May Jun Jul Aug Sep Oct Nov Dec
2016 > Jan Feb Mar Apr May Jun Jul Aug Sep Oct Nov Dec

Report for 2017 Apr
                   MONTHLY CLIMATOLOGICAL SUMMARY for APR. 2017

NAME: Agia Galini Weather Station   CITY: Agia Galini   STATE: Greece 
ELEV:    25 m  LAT:  35 05' 45" N  LONG:  24 41' 15" E

                   TEMPERATURE (C), RAIN  (mm), WIND SPEED (km/hr)

                                      HEAT  COOL        AVG
    MEAN                              DEG   DEG         WIND                 DOM
DAY TEMP  HIGH   TIME   LOW    TIME   DAYS  DAYS  RAIN  SPEED HIGH   TIME    DIR
------------------------------------------------------------------------------------
 1  15.8  19.1   14:30  12.6   23:30   2.6   0.0   0.0  13.2  61.2    1:20    NW
 2  14.8  20.6   13:10   9.5    4:40   3.8   0.2   0.0   4.0  25.7   16:40    NW
 3  15.0  21.8   16:10   8.7    7:20   3.8   0.5   0.0   3.9  19.3   12:30    NW
 4  17.6  22.1   11:00  13.2    5:20   1.7   1.1   0.0   3.1  16.1   15:00    NW
 5  16.9  21.8   13:40  11.6    7:30   1.9   0.6   0.0   4.2  19.3   16:00    NW
 6  16.3  21.9   17:10  10.7    7:10   2.6   0.6   0.0   4.8  29.0   17:40    NW
 7  15.6  20.2   14:50  10.3    7:30   2.8   0.1   0.0   6.9  40.2   15:40    NW
 8  17.5  20.6   12:00  13.7   00:00   1.3   0.4   0.0   6.4  38.6    8:30    NW
 9  15.2  20.1   13:20   9.6    7:20   3.3   0.1   0.0   5.8  29.0   17:10    NW
10  16.1  19.7   15:40  12.7    7:40   2.4   0.1   0.0   2.7  14.5    0:20    NW
11  16.2  19.9   13:00  13.7    2:50   2.2   0.1   0.0   2.9  20.9   16:40    NW
12  16.0  19.6   14:10  14.0    5:00   2.4   0.0   0.0   3.5  24.1   14:50    NW
13  18.2  20.9   15:20  14.6    0:10   0.8   0.6   0.0  11.7  51.5    6:40    NW
14  17.1  21.3   13:50  12.2    6:20   1.8   0.6   0.0   4.5  33.8   16:50    NW
15  16.6  21.1   14:40  12.3    6:50   2.2   0.4   0.0   4.0  32.2   17:40    NW
16  16.4  19.9   13:40  12.1    7:10   2.2   0.3   0.0   3.2  37.0   14:20    NW
17  16.2  20.8   14:30  11.9    5:50   2.5   0.3   0.0   3.2  32.2   16:10    NW
18  16.4  20.5   12:30  11.9    6:40   2.3   0.5   0.0   6.4  32.2   14:50    NW
19  16.7  20.8   15:30  13.3    5:00   2.1   0.5   0.0   3.1  29.0   12:00    NW
20  19.1  24.3   12:30  13.1    1:50   1.1   2.0   0.0   3.9  22.5   22:50    NW
21  19.0  22.8   14:10  16.3   23:50   0.5   1.3   0.0   6.1  37.0    9:00    NW
22  13.8  16.4    1:50  10.8   00:00   4.5   0.0   7.0   5.6  45.1   20:00    NW
23  14.5  18.8   15:30   8.7    6:00   3.8   0.0   0.0   5.8  38.6    0:30    NW
24  14.9  20.0   17:20   9.2    5:00   3.5   0.1   0.0   5.3  25.7   12:40    NW
25  16.3  20.9   14:50  10.8    7:00   2.5   0.5   0.0   4.2  25.7   15:30    NW
26  16.6  21.8   14:30  10.3    5:50   2.7   1.0   0.0   4.8  22.5    4:20    NW
27  16.9  22.6   17:40  10.9    6:20   2.4   1.0   0.0   5.3  29.0   13:00    NW
28  17.7  23.7   13:50  11.4    6:10   1.9   1.3   0.0   4.3  17.7    0:40    NW
29  18.3  22.8   11:20  12.7    3:50   1.5   1.4   0.0   4.0  17.7    2:40    NW
30  20.3  25.2    9:30  17.2    7:20   0.0   2.0   0.0   7.1  35.4   11:00    NW
-------------------------------------------------------------------------------------
    16.6  25.2    30     8.7    23    69.0  17.8   7.0   5.1  61.2     1      NW

Max >=  32.0:  0
Max <=   0.0:  0
Min <=   0.0:  0
Min <= -18.0:  0
Max Rain: 7.01 ON 22/04/17
Days of Rain: 1 (> .2 mm) 1 (> 2 mm) 0 (> 20 mm)
Heat Base:  18.3  Cool Base:  18.3  Method: Integration