NOAA Reports/Αναφορές NOAA

Select a Year or Month report
2018 > Jan Feb Mar Apr May Jun Jul Aug Sep Oct Nov Dec
2017 > Jan Feb Mar Apr May Jun Jul Aug Sep Oct Nov Dec
2016 > Jan Feb Mar Apr May Jun Jul Aug Sep Oct Nov Dec

Report for 2017 Mar
                   MONTHLY CLIMATOLOGICAL SUMMARY for MAR. 2017

NAME: Agia Galini Weather Station   CITY: Agia Galini   STATE: Greece 
ELEV:    25 m  LAT:  35 05' 45" N  LONG:  24 41' 15" E

                   TEMPERATURE (C), RAIN  (mm), WIND SPEED (km/hr)

                                      HEAT  COOL        AVG
    MEAN                              DEG   DEG         WIND                 DOM
DAY TEMP  HIGH   TIME   LOW    TIME   DAYS  DAYS  RAIN  SPEED HIGH   TIME    DIR
------------------------------------------------------------------------------------
 1  14.7  19.1   12:20   9.4    6:10   3.7   0.0   0.0   4.8  30.6   17:40    NW
 2  16.3  18.9   13:20  12.7    6:50   2.0   0.0   1.8   8.9  53.1   10:00    NW
 3  14.7  18.9   14:50   9.9    6:00   3.6   0.0   0.0   4.0  20.9   20:10    NW
 4  14.0  19.4   13:30   8.7    6:30   4.4   0.1   0.0   3.5  24.1   17:00    NW
 5  13.5  18.6   14:50   8.4    6:50   4.8   0.0   0.0   4.3  25.7   14:10    NW
 6  14.1  18.5   14:10   9.6    5:30   4.2   0.0   0.0   4.2  29.0   14:10    NW
 7  14.1  17.2   11:40   9.9    3:50   4.2   0.0   2.0   7.7  43.5   15:00    NW
 8  14.6  16.3    0:20  10.8   00:00   3.7   0.0   7.4  13.5  66.0    4:10    SE
 9  11.8  15.9   14:50   9.5    5:20   6.4   0.0  14.6   3.5  20.9    9:20    NW
10  12.4  16.2   14:20   8.8    5:30   5.9   0.0   0.6   3.7  24.1   18:10    NW
11  11.6  15.4   14:00   8.9   23:50   6.7   0.0  14.2   3.5  46.7   14:50    NW
12  13.1  15.6   16:40   9.0    0:10   5.2   0.0  14.4   9.2  59.5    5:00    NW
13  13.7  18.1   13:30   8.7    6:10   4.6   0.0   0.0   5.0  29.0   16:00    NW
14  13.9  18.2   11:50  10.4   21:40   4.4   0.0   3.0   6.1  33.8   22:50    NW
15  14.1  17.8   14:30  10.8    0:10   4.2   0.0   0.0  11.1  54.7    8:30    NW
16  12.8  17.3   14:10   8.8    4:00   5.5   0.0   0.0   4.5  32.2   18:10    NW
17  13.4  18.5   13:20   8.7    2:00   4.9   0.0   0.0   4.8  49.9   23:40    NW
18  15.1  17.9   12:30   9.6   00:00   3.2   0.0   0.0  13.7  78.9    6:30    NW
19  13.5  17.8   11:40   6.7    6:20   4.8   0.0   0.0   7.6  38.6   17:20    NW
20  15.0  19.0   13:20   9.7    6:50   3.3   0.0   0.0   5.1  30.6   19:00    NW
21  15.7  18.4   11:40  12.1    6:20   2.7   0.0   0.0   3.2  27.4   21:30    NW
22  14.0  18.1   15:20  11.8    5:30   4.3   0.0   4.0   3.1  19.3   13:50    NW
23  15.3  19.8   15:10  10.4    5:10   3.2   0.2   0.0   3.7  22.5   21:40    NW
24  16.3  21.7   13:00  10.4    3:40   2.6   0.6   0.0   5.5  32.2    9:30    NW
25  15.9  21.8   11:50  10.2    6:20   3.0   0.6   0.0   4.5  22.5   16:10    NW
26  15.1  19.3   13:30   8.7    6:50   3.1   0.1   0.0   4.2  19.3   13:40    NW
27  16.6  20.9   14:50  12.6    7:40   2.1   0.3   0.0   3.9  24.1   18:20    NW
28  15.3  18.2   12:00  13.4   20:00   3.0   0.0   1.2   5.6  30.6   16:30    NW
29  14.3  17.9   15:30  11.9    5:00   4.0   0.0   1.2   6.0  29.0    7:30    NW
30  14.6  20.1   14:00  10.4    7:20   3.8   0.1   6.8   6.6  45.1   16:30    NW
31  16.2  17.7    9:50  12.9    2:10   2.1   0.0   0.4  16.9  69.2   20:30    NW
-------------------------------------------------------------------------------------
    14.4  21.8    25     6.7    19   123.8   2.1  71.6   6.2  78.9    18      NW

Max >=  32.0:  0
Max <=   0.0:  0
Min <=   0.0:  0
Min <= -18.0:  0
Max Rain: 14.60 ON 09/03/17
Days of Rain: 13 (> .2 mm) 8 (> 2 mm) 0 (> 20 mm)
Heat Base:  18.3  Cool Base:  18.3  Method: Integration