NOAA Reports/Αναφορές NOAA

Select a Year or Month report
2018 > Jan Feb Mar Apr May Jun Jul Aug Sep Oct Nov Dec
2017 > Jan Feb Mar Apr May Jun Jul Aug Sep Oct Nov Dec
2016 > Jan Feb Mar Apr May Jun Jul Aug Sep Oct Nov Dec

Report for 2017 Feb
                   MONTHLY CLIMATOLOGICAL SUMMARY for FEB. 2017

NAME: Agia Galini Weather Station   CITY: Agia Galini   STATE: Greece 
ELEV:    25 m  LAT:  35 05' 45" N  LONG:  24 41' 15" E

                   TEMPERATURE (C), RAIN  (mm), WIND SPEED (km/hr)

                                      HEAT  COOL        AVG
    MEAN                              DEG   DEG         WIND                 DOM
DAY TEMP  HIGH   TIME   LOW    TIME   DAYS  DAYS  RAIN  SPEED HIGH   TIME    DIR
------------------------------------------------------------------------------------
 1  11.8  15.4   14:40   7.5   23:50   6.5   0.0   0.0   4.8  29.0    1:50    NW
 2  11.2  16.4   15:00   6.2    4:10   7.2   0.0   0.0   3.7  22.5   14:40    NW
 3  12.3  17.2   14:00   7.4    7:10   6.0   0.0   0.0   3.5  24.1   12:40    NW
 4  13.2  17.7   12:50  10.2    7:50   5.1   0.0   0.0   3.9  29.0   16:50    NW
 5  14.0  17.9   12:30   8.7    3:10   4.3   0.0   0.0   2.6  22.5   12:20    NW
 6  15.4  18.5   14:30  12.0    7:00   2.9   0.0   0.0   5.0  27.4   15:40    SE
 7  14.0  16.6   11:00  10.1   23:40   4.3   0.0   0.0   6.3  41.8   11:40    NW
 8  12.9  18.0   15:00   8.0    6:50   5.4   0.0   0.0   3.1  20.9   14:20    NW
 9  13.6  18.7   14:30   9.1    4:30   4.7   0.0   0.0   4.3  20.9    9:10    NW
10  13.4  17.2   13:40   9.6    7:20   4.9   0.0   0.2   5.8  30.6   14:00    NW
11  12.9  16.8   12:20  10.3    2:30   5.4   0.0   3.6  12.4  66.0   20:30    NW
12  11.4  12.6   12:30  10.4   18:20   6.9   0.0   0.0  37.0  91.7   10:10    NW
13   9.4  10.8    1:00   8.1   22:50   8.8   0.0   0.0  27.4  82.1    9:50    NW
14   9.2  10.7   14:40   7.4    9:10   9.1   0.0   0.0  23.8  75.6   17:20    NW
15  10.9  13.1   13:20   8.8    0:40   7.4   0.0   0.0  23.2  67.6    1:20    NW
16  11.7  12.9    1:30   9.3   23:40   6.7   0.0   0.4  33.0  98.2   14:10    NW
17  10.9  15.8   14:40   6.2    6:10   7.3   0.0   0.0   4.3  29.0   15:30    NW
18  11.2  16.3   13:10   5.6    6:10   7.1   0.0   0.0   5.0  24.1   15:00    NW
19  12.7  17.2   15:50   9.3    3:10   5.7   0.0   0.0   5.3  27.4   14:10    NW
20  12.5  17.7   15:50   8.0    4:40   5.8   0.0   0.0   3.5  22.5   15:30    NW
21  13.3  17.6   15:40   7.9    6:10   5.0   0.0   0.0   9.3  32.2   17:20    NW
22  13.6  18.3   12:50   9.5    4:00   4.7   0.0   0.0   5.0  22.5    1:50    NW
23  13.4  18.3   13:40   7.9    6:00   4.9   0.0   0.0   4.0  22.5   10:30    NW
24  14.6  18.2   11:20  11.1   00:00   3.7   0.0   1.6   2.9  29.0   13:50    NW
25  13.7  20.1   13:10   9.6    3:30   4.7   0.1   0.0   3.4  17.7   14:10    NW
26  14.3  19.2   10:40   9.0    6:00   4.0   0.0   0.0   3.4  17.7    0:10    NW
27  14.8  19.5   12:50  10.3    6:30   3.5   0.0   0.0   3.2  20.9    7:40    NW
28  16.3  19.7   13:30  12.2   23:40   2.2   0.2   0.0   2.6  25.7   16:20    NW
-------------------------------------------------------------------------------------
    12.8  20.1    25     5.6    18   154.2   0.3   5.8   9.0  98.2    16      NW

Max >=  32.0:  0
Max <=   0.0:  0
Min <=   0.0:  0
Min <= -18.0:  0
Max Rain: 3.61 ON 11/02/17
Days of Rain: 4 (> .2 mm) 1 (> 2 mm) 0 (> 20 mm)
Heat Base:  18.3  Cool Base:  18.3  Method: Integration