NOAA Reports/Αναφορές NOAA

Select a Year or Month report
2018 > Jan Feb Mar Apr May Jun Jul Aug Sep Oct Nov Dec
2017 > Jan Feb Mar Apr May Jun Jul Aug Sep Oct Nov Dec
2016 > Jan Feb Mar Apr May Jun Jul Aug Sep Oct Nov Dec

Report for 2017 Jan
                   MONTHLY CLIMATOLOGICAL SUMMARY for JAN. 2017

NAME: Agia Galini Weather Station   CITY: Agia Galini   STATE: Greece 
ELEV:    25 m  LAT:  35 05' 45" N  LONG:  24 41' 15" E

                   TEMPERATURE (C), RAIN  (mm), WIND SPEED (km/hr)

                                      HEAT  COOL        AVG
    MEAN                              DEG   DEG         WIND                 DOM
DAY TEMP  HIGH   TIME   LOW    TIME   DAYS  DAYS  RAIN  SPEED HIGH   TIME    DIR
------------------------------------------------------------------------------------
 1   8.0  11.5   14:40   4.7    1:20  10.3   0.0   0.0   3.5  38.6   19:20    NW
 2   9.3  14.9   13:20   3.9    6:00   9.0   0.0   0.0   4.8  22.5    1:30    NW
 3  11.1  16.5   15:00   6.4    6:30   7.2   0.0   1.0   4.8  27.4   16:00    NW
 4  12.0  15.9   20:20   8.0    7:20   6.3   0.0  34.2   4.0  46.7   21:40    NW
 5  15.4  16.7   22:40  13.1    2:10   2.9   0.0  22.0   7.6  51.5   22:10   ESE
 6  13.3  16.5    0:10   9.1   22:50   4.9   0.0  29.0  15.8  77.2    8:20   ESE
 7   8.3  11.2   10:50   4.7   23:00  10.0   0.0   2.2   6.3  40.2    8:00    NW
 8   5.7   8.9   12:10   2.8    8:30  12.7   0.0   8.6   7.1  56.3    5:00    NW
 9   6.5  10.4   13:20   1.9    8:30  11.8   0.0   1.8   4.0  24.1    0:10    NW
10   7.8  11.7   13:30   4.7    7:30  10.5   0.0  10.2   5.8  46.7   10:40    NW
11  10.8  14.7   16:50   3.9    3:20   7.5   0.0   2.0  11.3  56.3   13:00   ESE
12  13.7  16.3   13:10   9.7   22:20   4.6   0.0   0.2   4.0  41.8    3:10    NW
13  11.3  16.0   13:40   6.7    7:30   7.0   0.0   0.0   3.9  22.5    6:50    NW
14  11.6  16.0   15:30   6.4    7:40   6.8   0.0  13.0   3.9  24.1   15:10    NW
15  12.8  16.6   23:50   9.5    6:00   5.5   0.0   2.6   9.3  59.5   23:10    NW
16  14.6  16.6    0:10  11.6   00:00   3.7   0.0  10.2   4.7  53.1    9:10    NW
17  13.1  16.9   11:50   9.8    4:00   5.2   0.0   7.6   6.6  41.8   13:50    NW
18  12.3  16.9   13:20   7.2    6:20   6.0   0.0   0.0   6.6  27.4   13:40    NW
19  12.2  17.3   13:40   7.9    5:40   6.1   0.0   2.2   3.9  20.9   16:40    NW
20  12.7  15.7   13:20   9.7    1:30   5.6   0.0   0.0  12.6  59.5   21:30    NW
21  11.8  14.0   10:50   8.2   23:10   6.5   0.0   0.0  14.0  54.7    0:20    NW
22  10.8  14.6   13:40   7.3    5:30   7.5   0.0   0.0   4.0  20.9    1:40    NW
23  11.6  14.8   23:20   6.9    5:10   6.7   0.0   0.4   4.3  32.2   21:40   ESE
24  14.8  16.8   13:10  12.4    4:40   3.5   0.0  29.2   9.3  35.4   11:30   ESE
25  13.6  17.8   13:50   9.4    7:20   4.7   0.0   0.0   6.1  40.2   16:00    NW
26  11.2  13.8   11:30   9.6   18:50   7.1   0.0   0.2  14.0  69.2   16:40    NW
27   8.4   9.9    0:10   6.9    6:20   9.9   0.0   0.0  22.7  74.0    5:00    NW
28   9.6  13.5   14:30   5.6    7:10   8.7   0.0   0.0   4.8  48.3    0:20    NW
29  10.1  14.6   14:50   5.8    1:50   8.2   0.0   0.0   4.0  22.5    9:40    NW
30  10.9  14.2   12:40   7.6    3:20   7.4   0.0   0.0  13.2  56.3   19:10    NW
31  10.9  12.7   13:40   9.8    4:10   7.4   0.0   0.0  20.1  59.5    9:30    NW
-------------------------------------------------------------------------------------
    11.2  17.8    25     1.9     9   221.3   0.0 176.7   8.0  77.2     6      NW

Max >=  32.0:  0
Max <=   0.0:  0
Min <=   0.0:  0
Min <= -18.0:  0
Max Rain: 34.19 ON 04/01/17
Days of Rain: 18 (> .2 mm) 13 (> 2 mm) 4 (> 20 mm)
Heat Base:  18.3  Cool Base:  18.3  Method: Integration