NOAA Reports/Αναφορές NOAA

Select a Year or Month report
2018 > Jan Feb Mar Apr May Jun Jul Aug Sep Oct Nov Dec
2017 > Jan Feb Mar Apr May Jun Jul Aug Sep Oct Nov Dec
2016 > Jan Feb Mar Apr May Jun Jul Aug Sep Oct Nov Dec

Report for 2016 Dec
                   MONTHLY CLIMATOLOGICAL SUMMARY for DEC. 2016

NAME: Agia Galini Weather Station   CITY: Agia Galini   STATE: Greece 
ELEV:    25 m  LAT:  35 05' 45" N  LONG:  24 41' 15" E

                   TEMPERATURE (C), RAIN  (mm), WIND SPEED (km/hr)

                                      HEAT  COOL        AVG
    MEAN                              DEG   DEG         WIND                 DOM
DAY TEMP  HIGH   TIME   LOW    TIME   DAYS  DAYS  RAIN  SPEED HIGH   TIME    DIR
------------------------------------------------------------------------------------
 1   ---   ---     ---   ---     ---   0.0   0.0   0.0   0.0   0.0     ---   ---
 2   ---   ---     ---   ---     ---   0.0   0.0   0.0   0.0   0.0     ---   ---
 3  14.3  15.9   18:20  12.8   23:20   1.0   0.0   0.0   1.6  17.7   23:30    NW
 4  15.3  20.3   14:00  10.4    5:20   3.2   0.2   0.0   3.1  16.1   22:10    NW
 5  16.1  18.6   13:20  13.1    7:30   2.3   0.0   4.2   3.5  38.6   20:10    NW
 6  15.2  19.2   14:20  11.5   23:00   3.1   0.0   0.0   4.3  25.7    9:20    NW
 7  14.4  18.8   12:50   9.6    7:20   3.9   0.0   0.0   5.1  20.9   20:20    NW
 8  13.8  16.6    1:50  11.1   23:50   4.5   0.0   0.0  18.0  85.3    4:40    NW
 9  11.9  16.0   14:10   8.7   00:00   6.3   0.0   0.0   5.1  29.0   14:20    NW
10  12.2  17.8   14:00   6.7    6:50   6.1   0.0   0.0   5.3  27.4    9:30    NW
11  13.2  19.0   13:30   7.6    7:10   5.1   0.0   0.0   4.8  22.5    7:30    NW
12  15.8  18.6   10:30  12.3   23:30   2.5   0.0   3.8   3.4  30.6   13:00    NW
13  14.3  16.9    6:00  10.6   00:00   4.0   0.0   0.0  11.7  61.2   14:50    NW
14   9.9  11.4    1:00   5.8   00:00   8.4   0.0   0.2  18.3  83.7   10:50    NW
15  11.4  15.8   13:20   4.7    5:40   6.9   0.0   0.0   4.7  30.6    8:30    NW
16  13.6  16.8   11:20   9.6    5:30   4.7   0.0   0.0  10.3  64.4   23:50    NW
17  11.4  12.7    1:50  10.7   10:40   6.9   0.0   0.0  25.6  74.0    4:50    NW
18  11.4  13.1   13:30  10.1    7:30   6.9   0.0   0.0  20.1  66.0    4:10    NW
19  12.3  14.4   12:50   9.9   00:00   6.0   0.0   0.0  12.9  56.3   14:40    NW
20  11.9  15.1   15:30   7.3    8:00   6.4   0.0   0.0   4.3  22.5    5:00    NW
21  11.7  14.4    5:20   7.1   23:20   6.6   0.0   1.0  18.0  72.4   14:30    NW
22   9.0  10.6   22:30   6.8    2:50   9.3   0.0   7.2  15.0  59.5   16:10    NW
23   9.2  10.8   23:10   7.7    4:40   9.2   0.0  20.2  10.8  56.3    5:20    NW
24  10.1  12.2   23:30   7.6    3:10   8.2   0.0  28.0  13.8  80.5   19:50    NW
25  12.4  14.8   12:20   9.4   23:20   5.9   0.0   0.0  15.4  64.4    5:20    NW
26  12.8  14.9   11:20   9.6    0:20   5.5   0.0   0.6   9.0  57.9    6:10    NW
27  13.4  15.5   13:10   9.6   23:50   4.9   0.0   0.0  13.8  61.2   14:00    NW
28   9.6  14.2   15:50   6.5    6:50   8.7   0.0   9.4   7.7  51.5   23:30    NW
29   7.7  11.2   12:50   5.8   19:00  10.6   0.0   4.4   8.7  62.8   00:00    NW
30   7.8  10.4   12:30   4.9   21:20  10.5   0.0   8.0  18.8  82.1    1:00    NW
31   8.4  12.1   13:10   5.6   00:00   9.9   0.0   0.0   6.6  49.9    1:50    NW
-------------------------------------------------------------------------------------
    12.1  20.3     4     4.7    15   177.5   0.3  87.0   9.7  85.3     8      NW

Max >=  32.0:  0
Max <=   0.0:  0
Min <=   0.0:  0
Min <= -18.0:  0
Max Rain: 27.99 ON 24/12/16
Days of Rain: 11 (> .2 mm) 8 (> 2 mm) 2 (> 20 mm)
Heat Base:  18.3  Cool Base:  18.3  Method: Integration