NOAA Reports/Αναφορές NOAA

Select a Year or Month report
2018 > Jan Feb Mar Apr May Jun Jul Aug Sep Oct Nov Dec
2017 > Jan Feb Mar Apr May Jun Jul Aug Sep Oct Nov Dec
2016 > Jan Feb Mar Apr May Jun Jul Aug Sep Oct Nov Dec

Report for 2016 Nov
                   MONTHLY CLIMATOLOGICAL SUMMARY for NOV. 2016

NAME: Agia Galini Weather Station   CITY: Agia Galini   STATE: Greece 
ELEV:    25 m  LAT:  35 05' 45" N  LONG:  24 41' 15" E

                   TEMPERATURE (C), RAIN  (mm), WIND SPEED (km/hr)

                                      HEAT  COOL        AVG
    MEAN                              DEG   DEG         WIND                 DOM
DAY TEMP  HIGH   TIME   LOW    TIME   DAYS  DAYS  RAIN  SPEED HIGH   TIME    DIR
------------------------------------------------------------------------------------
 1  17.2  18.7   12:00  16.0    5:30   1.1   0.0   0.0  21.4  67.6    2:10   WNW
 2  16.9  20.6   14:50  12.2   23:30   1.8   0.4   0.0   6.1  46.7    2:40   WNW
 3  16.2  22.2   14:50  10.8    6:20   3.0   0.9   0.0   6.0  25.7   14:00   WNW
 4  17.8  21.9   14:10  12.9    3:20   1.7   1.2   0.0   5.1  22.5   14:40   WNW
 5  19.5  24.8   13:40  15.3    4:10   0.8   2.0   0.0   4.2  16.1    6:30   WNW
 6  18.4  22.9   13:00  14.2    6:50   1.3   1.4   0.0   5.3  19.3    3:30    NW
 7  20.1  23.9   13:40  15.5    2:20   0.6   2.3   0.0   3.9  19.3    3:50    NW
 8  22.1  26.9   10:30  18.7    5:20   0.0   3.8   0.0   6.0  24.1   13:30    NW
 9  22.2  23.9   12:50  16.9   20:40   0.1   3.9   2.6  15.4  51.5   17:50    SE
10  19.8  22.8   11:50  15.2    7:10   0.3   1.8   2.0   5.1  30.6   13:30   WNW
11  19.1  23.6   12:20  15.3    7:20   0.8   1.5   0.0   4.0  24.1   10:40   WNW
12  19.0  22.4   12:20  15.0    6:10   0.9   1.6   0.0   3.5  19.3   22:00   WNW
13  19.6  23.7   12:20  16.7    7:30   0.4   1.7   6.4   3.7  24.1   15:50   WNW
14  18.1  22.6   13:20  15.2    3:50   1.1   1.0   0.0   3.9  32.2   11:50    NW
15  17.2  20.4   12:30  14.3    6:40   1.4   0.3   0.0  12.1  59.5   16:50   WNW
16  16.9  19.2   14:10  15.1    7:20   1.4   0.0   0.0  12.6  53.1    4:50    NW
17  16.4  19.4   13:40  14.1   23:50   2.0   0.1   0.0  10.1  49.9    7:20   WNW
18  14.9  19.7   14:00  10.1    6:50   3.4   0.1   0.0   2.7  17.7   17:30    NW
19  16.8  22.1   13:20  12.4    2:30   2.3   0.8   0.0   4.3  22.5    5:10   WNW
20  17.1  21.2   14:10  12.3    6:50   1.9   0.6   0.0   3.4  29.0    8:10   WNW
21  17.3  22.7   13:50  11.7    7:20   1.8   0.8   0.0   5.1  29.0   10:30    NW
22  18.2  22.6   12:50  14.4    2:10   1.0   0.8   0.0   3.7  29.0    8:50    NW
23  18.0  22.3   12:10  15.1    2:20   1.2   0.9   0.0   3.4  20.9   14:10    NW
24  17.1  21.3   13:40  13.9    4:30   1.8   0.6   0.0   3.1  20.9   11:00   WNW
25  16.7  20.4   13:20  13.6   23:20   2.0   0.4   0.0   4.0  22.5   13:50   WNW
26  16.2  20.7   14:10  12.1    5:00   2.6   0.5   0.0   6.1  22.5   13:30   WNW
27  17.2  20.3   11:00  13.2    5:30   1.7   0.6   0.0   6.3  32.2   13:00    NW
28  20.1  21.6   11:00  16.4    1:00   0.2   2.0   0.0  16.1  43.5    9:20    SE
29  18.0  21.8   12:00  14.8   23:20   1.0   0.7   3.0   4.8  38.6    1:30   WNW
30  16.4  17.4   11:20  15.4    0:10   0.9   0.0   1.2   4.5  51.5    5:50    NW
-------------------------------------------------------------------------------------
    18.0  26.9     8    10.1    18    40.3  32.6  15.2   6.5  67.6     1     WNW

Max >=  32.0:  0
Max <=   0.0:  0
Min <=   0.0:  0
Min <= -18.0:  0
Max Rain: 6.40 ON 13/11/16
Days of Rain: 5 (> .2 mm) 4 (> 2 mm) 0 (> 20 mm)
Heat Base:  18.3  Cool Base:  18.3  Method: Integration