NOAA Reports/Αναφορές NOAA

Select a Year or Month report
2018 > Jan Feb Mar Apr May Jun Jul Aug Sep Oct Nov Dec
2017 > Jan Feb Mar Apr May Jun Jul Aug Sep Oct Nov Dec
2016 > Jan Feb Mar Apr May Jun Jul Aug Sep Oct Nov Dec

Report for 2016 Oct
                   MONTHLY CLIMATOLOGICAL SUMMARY for OCT. 2016

NAME: Agia Galini Weather Station   CITY: Agia Galini   STATE: Greece 
ELEV:    25 m  LAT:  35 05' 45" N  LONG:  24 41' 15" E

                   TEMPERATURE (C), RAIN  (mm), WIND SPEED (km/hr)

                                      HEAT  COOL        AVG
    MEAN                              DEG   DEG         WIND                 DOM
DAY TEMP  HIGH   TIME   LOW    TIME   DAYS  DAYS  RAIN  SPEED HIGH   TIME    DIR
------------------------------------------------------------------------------------
 1  22.7  28.7   13:10  16.3    7:30   0.1   4.5   0.0   4.3  30.6   16:20   WNW
 2  22.2  27.1   11:20  15.7    7:20   0.2   4.1   0.0   4.7  27.4   14:30    NW
 3  20.1  25.2   10:20  18.3    5:20   0.0   0.8   0.0   2.1  16.1    0:30    NW
 4  26.8  28.8   15:10  23.6   23:50   0.0   4.1   0.0   1.9  27.4   16:30   WNW
 5  25.8  28.3   13:40  23.4    6:10   0.0   7.5   0.0   5.1  45.1   13:50   WNW
 6  23.2  27.6   15:30  18.4    6:20   0.0   4.9   0.0   4.8  22.5   13:40   WNW
 7  22.3  26.8   15:40  17.3    6:50   0.1   4.1   0.0   4.0  29.0   14:40    NW
 8  23.6  27.8   12:40  19.9    3:10   0.0   5.3   0.0   4.8  29.0   13:40    NW
 9  22.7  27.5   14:40  17.6    6:30   0.0   4.4   0.0   3.7  20.9   16:20    NW
10  22.6  26.4   12:00  17.6    7:30   0.0   4.3   0.0   4.3  19.3   13:20   WNW
11  24.5  29.0   14:50  18.8    5:40   0.0   6.2   0.0   3.7  20.9   22:10    NW
12  24.8  27.1   14:20  21.7   00:00   0.0   6.5   0.0   4.2  37.0   11:40   WNW
13  22.2  26.8   13:50  17.8    7:00   0.0   3.9   0.0   6.0  29.0   16:40   WNW
14  21.7  26.3   13:30  16.1    6:50   0.1   3.5   0.0   5.1  25.7   21:00   ESE
15  24.2  28.9   16:30  18.3    0:40   0.0   5.8   0.0   8.5  48.3   21:50   WNW
16  24.2  28.8   13:40  20.4   00:00   0.0   5.8   0.0   6.8  53.1    2:30   WNW
17  22.9  28.2   13:50  19.3    3:30   0.0   4.6   0.0  13.4  74.0   21:40    NW
18  20.3  21.9    0:40  19.1   21:30   0.0   2.0   0.0  31.4  88.5    8:40   WNW
19  20.6  24.2   16:40  17.3   23:50   0.0   2.3   0.0   7.6  40.2    4:00    NW
20  19.7  24.2   13:10  14.9    6:40   0.8   2.2   0.0   5.0  29.0   14:40    NW
21  20.8  24.7   14:20  16.1    7:30   0.2   2.7   0.0   4.0  33.8   16:10   WNW
22  21.7  25.9   15:20  17.4    7:50   0.1   3.4   0.0   5.1  30.6   14:50   WNW
23  22.7  28.5   12:40  18.0    6:30   0.0   4.4   0.0   4.0  20.9   15:30   WNW
24  22.6  25.9   12:10  19.1    7:50   0.0   4.2   0.0  16.9  70.8   22:10   WNW
25  21.4  23.1   11:50  19.9   21:00   0.0   3.1   0.0  28.3  83.7   12:00   WNW
26  21.0  25.1   16:20  17.3    8:00   0.1   2.8   0.0   5.0  24.1   12:10    NW
27  20.4  24.7   15:30  16.4    4:10   0.5   2.6   0.0   3.7  25.7   23:10    NW
28  21.0  25.9   13:40  17.8    7:00   0.0   2.7   0.0   5.6  29.0   14:30   ESE
29  20.4  24.7   15:00  17.6   22:50   0.1   2.2   0.0   5.5  38.6   17:50   ESE
30  20.2  24.6   14:30  16.2    7:10   0.4   2.3   0.0   4.3  29.0   13:30   WNW
31  19.6  23.7   12:20  16.5   18:30   0.2   1.5  28.8  16.9  96.6   16:20   WNW
-------------------------------------------------------------------------------------
    22.2  29.0    11    14.9    20     2.9 118.8  28.8   7.4  96.6    31     WNW

Max >=  32.0:  0
Max <=   0.0:  0
Min <=   0.0:  0
Min <= -18.0:  0
Max Rain: 28.80 ON 31/10/16
Days of Rain: 1 (> .2 mm) 1 (> 2 mm) 1 (> 20 mm)
Heat Base:  18.3  Cool Base:  18.3  Method: Integration