NOAA Reports/Αναφορές NOAA

Select a Year or Month report
2018 > Jan Feb Mar Apr May Jun Jul Aug Sep Oct Nov Dec
2017 > Jan Feb Mar Apr May Jun Jul Aug Sep Oct Nov Dec
2016 > Jan Feb Mar Apr May Jun Jul Aug Sep Oct Nov Dec

Report for 2016 Sep
                   MONTHLY CLIMATOLOGICAL SUMMARY for SEP. 2016

NAME: Agia Galini Weather Station   CITY: Agia Galini   STATE: Greece 
ELEV:    25 m  LAT:  35 05' 45" N  LONG:  24 41' 15" E

                   TEMPERATURE (C), RAIN  (mm), WIND SPEED (km/hr)

                                      HEAT  COOL        AVG
    MEAN                              DEG   DEG         WIND                 DOM
DAY TEMP  HIGH   TIME   LOW    TIME   DAYS  DAYS  RAIN  SPEED HIGH   TIME    DIR
------------------------------------------------------------------------------------
 1  29.3  31.4   15:00  27.1    7:20   0.0  11.0   0.0  26.7  74.0   16:00   WNW
 2  28.1  30.8   14:00  25.9    7:20   0.0   9.7   0.0  24.0  69.2    0:10   WNW
 3  26.2  28.5   13:00  24.3   22:50   0.0   7.9   0.0  24.6  67.6   16:30   WNW
 4  26.4  29.3   14:50  24.6    1:00   0.0   8.1   0.0  19.0  64.4   17:40   WNW
 5  25.5  28.9   13:40  21.3    6:30   0.0   7.2   0.0   5.5  35.4   13:10   WNW
 6  23.7  27.9   17:40  18.6    6:40   0.0   5.4   0.0   5.8  37.0   15:10    NW
 7  25.3  30.0   13:40  21.2    4:00   0.0   7.0   0.0   4.7  25.7   15:40    NW
 8  27.6  33.5   14:20  22.1    7:00   0.0   9.3   0.0   3.4  16.1    3:20    NW
 9  27.7  31.7   10:40  24.4    5:30   0.0   9.4   0.0   4.0  27.4   10:50   WNW
10  25.3  28.5   13:20  21.7    6:50   0.0   7.0   0.0   5.0  30.6   20:00   WNW
11  24.9  29.0   14:30  20.7    7:00   0.0   6.6   0.0   5.1  30.6   16:50   WNW
12  25.8  30.3   17:00  21.6    6:40   0.0   7.5   0.0   4.5  29.0   15:30   WNW
13  26.8  30.8   16:20  23.7    6:50   0.0   8.5   0.0   5.5  38.6   23:10    NW
14  26.8  30.3   13:30  22.1    5:40   0.0   8.5   0.0   6.9  41.8    0:10    NW
15  27.3  31.7   14:30  22.0    3:40   0.0   9.0   0.0  14.0  56.3   18:20   WNW
16  28.3  31.2   13:20  26.1    7:10   0.0  10.0   0.0  21.7  57.9    8:10   WNW
17  29.0  34.2   16:30  24.2    8:40   0.0  10.7   0.0   6.9  38.6   14:30   WNW
18  26.1  29.3   16:50  23.0    6:00   0.0   7.8   0.0   3.4  20.9   13:30   WNW
19  25.7  29.1   14:40  22.1    6:40   0.0   7.3   0.0   4.2  46.7   15:00   WNW
20  25.4  27.6   12:50  22.7    7:30   0.0   7.1   2.6   5.3  49.9   11:40   WNW
21  24.9  28.7   14:00  21.6    7:30   0.0   6.6   0.0   5.5  35.4   15:50   WNW
22  23.9  27.7   14:20  19.2    6:30   0.0   5.6   0.0   5.1  30.6   11:30   WNW
23  24.3  27.3   12:40  21.8    5:30   0.0   6.0   0.0  16.7  62.8   15:00   WNW
24  23.3  26.4   14:00  21.7   20:20   0.0   5.1   0.0  13.7  70.8   22:10   WNW
25  23.1  26.2   15:30  21.5    3:00   0.0   4.8   0.0  12.9  49.9    0:10   WNW
26  23.4  26.8   14:40  21.0    6:40   0.0   5.1   0.0  10.9  46.7    0:50   WNW
27  23.2  26.8   15:00  19.4    4:40   0.0   4.9   0.0   8.2  48.3   16:30   WNW
28  24.1  27.3   14:00  20.0    6:00   0.0   5.7   0.0   5.8  32.2   13:10   WNW
29  23.7  28.8   16:40  19.2    7:40   0.0   5.4   0.0   4.2  25.7    1:30    NW
30  22.8  28.5   17:30  17.2    7:20   0.1   4.6   0.0   4.3  25.7    0:40   WNW
-------------------------------------------------------------------------------------
    25.6  34.2    17    17.2    30     0.1 218.9   2.6   9.6  74.0     1     WNW

Max >=  32.0:  2
Max <=   0.0:  0
Min <=   0.0:  0
Min <= -18.0:  0
Max Rain: 2.59 ON 20/09/16
Days of Rain: 1 (> .2 mm) 1 (> 2 mm) 0 (> 20 mm)
Heat Base:  18.3  Cool Base:  18.3  Method: Integration