NOAA Reports/Αναφορές NOAA

Select a Year or Month report
2018 > Jan Feb Mar Apr May Jun Jul Aug Sep Oct Nov Dec
2017 > Jan Feb Mar Apr May Jun Jul Aug Sep Oct Nov Dec
2016 > Jan Feb Mar Apr May Jun Jul Aug Sep Oct Nov Dec

Report for 2016 Aug
                   MONTHLY CLIMATOLOGICAL SUMMARY for AUG. 2016

NAME: Agia Galini Weather Station   CITY: Agia Galini   STATE: Greece 
ELEV:    25 m  LAT:  35 05' 45" N  LONG:  24 41' 15" E

                   TEMPERATURE (C), RAIN  (mm), WIND SPEED (km/hr)

                                      HEAT  COOL        AVG
    MEAN                              DEG   DEG         WIND                 DOM
DAY TEMP  HIGH   TIME   LOW    TIME   DAYS  DAYS  RAIN  SPEED HIGH   TIME    DIR
------------------------------------------------------------------------------------
 1  30.1  36.6   17:40  24.7    6:20   0.0  11.7   0.0   4.8  22.5   19:50   WNW
 2  28.7  34.1   11:10  25.6    5:40   0.0  10.4   0.0   3.2  22.5   13:30   WNW
 3  28.7  33.4   20:10  24.4    6:20   0.0  10.4   0.0   4.8  32.2   23:00   WNW
 4  31.1  33.6   12:00  28.1    2:00   0.0  12.7   0.0  21.7  70.8   15:50   WNW
 5  30.7  34.9   16:10  26.8    4:40   0.0  12.4   0.0   7.6  64.4    0:50   WNW
 6  29.8  35.2   16:50  25.2    7:00   0.0  11.5   0.0   6.0  46.7   20:20   WNW
 7  29.5  35.4   18:00  24.8    7:10   0.0  11.2   0.0   5.3  33.8   18:00   WNW
 8  27.8  30.7   13:20  25.2    7:10   0.0   9.5   0.0   5.3  33.8   16:10   WNW
 9  29.3  34.5   15:30  24.4    6:40   0.0  11.0   0.0   6.1  40.2   15:40   WNW
10  29.8  33.1   13:30  25.6    6:00   0.0  11.5   0.0  10.8  54.7   17:10   WNW
11  28.9  33.3   12:40  25.0    6:50   0.0  10.7   0.0   3.9  20.9   14:20   WNW
12  28.8  33.4   10:20  23.7    6:50   0.0  10.5   0.0   4.3  29.0   21:40   WNW
13  28.7  33.1   13:00  25.3    6:10   0.0  10.4   0.0  18.8  85.3   23:50   WNW
14  26.1  28.7   13:50  24.6    4:30   0.0   7.7   0.0  34.1  85.3    7:00   WNW
15  26.8  29.6   14:40  24.7    6:40   0.0   8.5   0.0  21.1  67.6   22:40   WNW
16  28.2  32.7   18:10  23.6    4:30   0.0   9.9   0.0   6.4  40.2    0:40   WNW
17  27.8  32.3   12:00  22.0    6:00   0.0   9.5   0.0   4.8  29.0   19:20   WNW
18  26.3  31.4   15:00  20.9    6:30   0.0   8.0   0.0   4.5  30.6   15:10     E
19  26.3  30.2   16:50  21.3    7:00   0.0   8.1   0.0   3.9  20.9   17:00   WNW
20  28.6  34.6   16:50  22.7    5:50   0.0  10.3   0.0   5.3  35.4   19:00   WNW
21  28.8  34.1   18:00  24.0    5:40   0.0  10.5   0.0   4.3  30.6   16:30   WNW
22  27.8  33.2   16:40  23.0    7:00   0.0   9.1   0.0   4.2  20.9   20:50   WNW
23  27.9  31.9   15:20  23.6    6:20   0.0   9.6   0.0   3.7  24.1   15:00   WNW
24  28.4  32.2   12:00  25.2    5:40   0.0  10.1   0.0   4.8  24.1    4:20   WNW
25  27.6  31.3   13:40  24.3    5:50   0.0   9.3   0.0   3.5  29.0   14:50     E
26  27.7  32.3   14:40  24.7    5:20   0.0   9.4   0.0   4.8  25.7   14:10    NW
27  27.8  31.4   15:00  24.9    3:50   0.0   9.5   0.0   9.0  54.7   22:40   WNW
28  27.3  30.4   14:20  24.1    7:20   0.0   9.0   0.0  16.1  64.4    0:40   WNW
29  27.9  31.7   15:40  24.5    3:20   0.0   9.7   0.0  10.9  48.3   18:00   WNW
30  27.6  33.7   13:50  21.8    6:50   0.0   9.3   0.0   8.7  45.1   14:30   WNW
31  29.8  32.7   12:50  27.1    0:10   0.0  11.5   0.0  21.7  74.0   15:40   WNW
-------------------------------------------------------------------------------------
    28.4  36.6     1    20.9    18     0.0 312.8   0.0   8.9  85.3    13     WNW

Max >=  32.0: 21
Max <=   0.0:  0
Min <=   0.0:  0
Min <= -18.0:  0
Max Rain: 0.00 ON 01/08/16
Days of Rain: 0 (> .2 mm) 0 (> 2 mm) 0 (> 20 mm)
Heat Base:  18.3  Cool Base:  18.3  Method: Integration