NOAA Reports/Αναφορές NOAA

Select a Year or Month report
2018 > Jan Feb Mar Apr May Jun Jul Aug Sep Oct Nov Dec
2017 > Jan Feb Mar Apr May Jun Jul Aug Sep Oct Nov Dec
2016 > Jan Feb Mar Apr May Jun Jul Aug Sep Oct Nov Dec

Report for 2016 Jul
                   MONTHLY CLIMATOLOGICAL SUMMARY for JUL. 2016

NAME: Agia Galini Weather Station   CITY: Agia Galini   STATE: Greece 
ELEV:    25 m  LAT:  35 05' 45" N  LONG:  24 41' 15" E

                   TEMPERATURE (C), RAIN  (mm), WIND SPEED (km/hr)

                                      HEAT  COOL        AVG
    MEAN                              DEG   DEG         WIND                 DOM
DAY TEMP  HIGH   TIME   LOW    TIME   DAYS  DAYS  RAIN  SPEED HIGH   TIME    DIR
------------------------------------------------------------------------------------
 1  28.8  35.1   16:10  23.6    4:30   0.0  10.5   0.0   7.7  54.7   18:10   WNW
 2  29.8  34.5   13:00  24.6    5:00   0.0  11.5   0.0  13.2  67.6   14:20   WNW
 3  31.3  34.6   12:30  26.8    6:40   0.0  13.0   0.0  15.3  56.3   13:50   WNW
 4  29.5  31.5   13:30  27.4    6:30   0.0  11.2   0.0  21.6  80.5   16:40   WNW
 5  29.4  33.3   14:50  27.3    6:30   0.0  11.1   0.0  32.3  93.3   13:30   WNW
 6  31.6  34.8   14:20  28.0   23:40   0.0  13.3   0.0  19.6  66.0   16:20   WNW
 7  29.1  32.6   12:40  25.1    6:00   0.0  10.8   0.0  15.3  75.6   17:20   WNW
 8  28.7  31.8   14:40  26.6    4:30   0.0  10.4   0.0  35.7  95.0   12:10   WNW
 9  29.1  32.9   14:50  26.8    6:40   0.0  10.8   0.0  16.7  69.2    0:30   WNW
10  29.4  34.3   15:40  23.9    5:20   0.0  11.1   0.0   8.7  57.9   23:50   WNW
11  30.5  34.7   15:10  25.6   00:00   0.0  12.2   0.0  15.1  64.4    0:20   WNW
12  28.8  34.3   14:20  23.2    6:10   0.0  10.5   0.0   6.0  29.0    9:10   WNW
13  27.2  31.3   12:20  22.1    5:30   0.0   8.9   0.0   4.3  27.4   14:50   WNW
14  26.0  30.7   11:00  20.7    6:50   0.0   7.7   0.0   3.7  25.7   16:10   WNW
15  27.0  32.1   12:20  22.8    5:40   0.0   8.7   0.0   3.7  20.9   13:00   WNW
16  26.3  29.6   13:00  22.3    4:50   0.0   8.0   0.0   6.0  41.8   18:40   WNW
17  26.5  29.6   15:30  22.7    4:20   0.0   8.2   0.0   3.9  30.6   13:20   WNW
18  27.2  32.8   15:30  20.8    6:10   0.0   8.9   0.0  12.1  54.7   21:40   WNW
19  27.7  29.9   12:10  26.0   22:10   0.0   9.4   0.0  30.6  88.5   16:50   WNW
20  27.5  30.3   13:00  26.1    3:00   0.0   9.2   0.0  26.4  78.9   23:10   WNW
21  27.2  29.6   14:10  25.3    6:30   0.0   8.9   0.0  29.5  78.9    6:20   WNW
22  28.1  33.7   15:50  22.7    6:40   0.0   9.8   0.0   8.7  46.7   19:50   WNW
23  28.8  34.4   15:40  23.2    3:10   0.0  10.5   0.0   5.6  38.6   13:50   WNW
24  30.0  36.5   14:50  23.8    5:10   0.0  11.7   0.0  14.5  69.2   21:30   WNW
25  31.3  34.4   15:40  27.4    6:20   0.0  13.0   0.0  12.9  61.2   18:40   WNW
26  31.3  34.7   15:40  28.3   10:40   0.0  13.0   0.0   9.8  61.2   13:30   WNW
27  30.7  33.8   15:10  27.8    1:20   0.0  12.3   0.0  11.1  54.7   22:50   WNW
28  30.6  33.6   13:50  28.1    6:30   0.0  12.3   0.0  16.9  70.8   16:40   WNW
29  31.0  33.2   13:20  28.7    7:10   0.0  12.7   0.0  15.6  64.4   15:40   WNW
30  31.3  33.6   14:40  29.1    7:10   0.0  20.8   0.0  23.7  78.9   15:00   WNW
31  31.1  33.6   13:40  28.0   00:00   0.0  12.7   0.0  24.9  85.3    4:40   WNW
-------------------------------------------------------------------------------------
    29.1  36.5    24    20.7    14     0.0 343.2   0.0  15.2  95.0     8     WNW

Max >=  32.0: 22
Max <=   0.0:  0
Min <=   0.0:  0
Min <= -18.0:  0
Max Rain: 0.00 ON 01/07/16
Days of Rain: 0 (> .2 mm) 0 (> 2 mm) 0 (> 20 mm)
Heat Base:  18.3  Cool Base:  18.3  Method: Integration