NOAA Reports/Αναφορές NOAA

Select a Year or Month report
2018 > Jan Feb Mar Apr May Jun Jul Aug Sep Oct Nov Dec
2017 > Jan Feb Mar Apr May Jun Jul Aug Sep Oct Nov Dec
2016 > Jan Feb Mar Apr May Jun Jul Aug Sep Oct Nov Dec

Report for 2016 Jun
                   MONTHLY CLIMATOLOGICAL SUMMARY for JUN. 2016

NAME: Agia Galini Weather Station   CITY: Agia Galini   STATE: Greece 
ELEV:    25 m  LAT:  35 05' 45" N  LONG:  24 41' 15" E

                   TEMPERATURE (C), RAIN  (mm), WIND SPEED (km/hr)

                                      HEAT  COOL        AVG
    MEAN                              DEG   DEG         WIND                 DOM
DAY TEMP  HIGH   TIME   LOW    TIME   DAYS  DAYS  RAIN  SPEED HIGH   TIME    DIR
------------------------------------------------------------------------------------
 1  24.8  29.5   16:20  19.7    5:10   0.0   6.5   0.0   3.2  22.5   11:00   WNW
 2  25.8  32.2   12:40  20.4    5:40   0.0   7.5   0.0   3.7  25.7   19:50   WNW
 3  24.2  26.4    9:20  21.3   00:00   0.0   5.9   0.0   3.9  29.0    3:10   WNW
 4  22.6  26.8   13:10  17.5    5:20   0.0   4.3   0.0   4.7  27.4   15:20   WNW
 5  23.1  27.1   15:00  19.0    6:40   0.0   4.8   0.0   3.5  19.3   13:00   WNW
 6  23.3  28.0    9:30  19.3    5:20   0.0   5.0   0.0   4.8  27.4    8:10   WNW
 7  24.4  28.8   15:30  18.8    6:40   0.0   6.1   0.0   2.9  17.7   12:20   WNW
 8  24.0  26.9   12:20  21.2   22:50   0.0   5.7   0.0  19.3  72.4   19:00   WNW
 9  23.0  25.8   15:20  20.6    5:10   0.0   4.7   0.0  24.1  72.4    3:30   WNW
10  21.8  25.2   17:30  17.5    5:50   0.0   3.5   0.0   4.8  27.4   17:50     E
11  22.6  25.9   15:40  18.9    6:50   0.0   4.3   0.0   4.2  29.0   13:50     E
12  22.4  26.2   15:50  17.1    6:20   0.1   4.2   0.0   5.6  33.8   15:30   WNW
13  22.2  25.7   14:00  17.9    6:20   0.0   3.9   0.0   4.5  27.4   13:10   WNW
14  25.4  27.6   16:40  22.4   00:00   0.0   7.1   0.0   6.9  41.8   18:40   WNW
15  23.2  27.0   12:40  18.6    6:40   0.0   4.9   0.0   6.6  37.0   15:50   WNW
16  25.4  31.7   17:20  20.7    3:20   0.0   7.2   0.0   4.8  25.7   21:30   WNW
17  28.5  35.3   13:40  22.2    4:50   0.0  10.2   0.0   4.0  19.3   17:40   WNW
18  32.8  41.0   16:30  26.3    4:30   0.0  14.5   0.0   5.5  38.6   16:50   WNW
19  30.9  37.2   11:40  26.3   23:50   0.0  12.6   0.0   2.9  20.9    0:50   WNW
20  26.8  32.4   10:40  23.0    6:10   0.0   8.6   0.0   3.5  22.5   16:40   WNW
21  29.1  35.8   19:00  23.9    4:30   0.0  10.8   0.0   4.5  25.7   18:20   WNW
22  33.5  38.1   15:40  30.1    0:20   0.0  15.2   0.0  10.1  70.8   22:50   WNW
23  32.1  34.9   14:50  28.9    6:50   0.0  13.8   0.0  13.4  62.8    0:40   WNW
24  29.9  35.3   13:40  25.8   00:00   0.0  11.6   0.0   5.0  27.4    1:20   WNW
25  25.8  27.8   12:20  23.9   23:40   0.0   7.5   0.0   5.1  37.0   15:20   WNW
26  24.9  27.6   14:40  22.7    3:20   0.0   6.6   0.0   5.8  41.8   15:00   WNW
27  27.8  33.9   17:30  22.4    6:20   0.0   9.6   0.0   4.2  25.7   10:20   WNW
28  26.1  28.9    0:10  22.8    6:30   0.0   7.7   0.0   5.1  30.6   14:30   WNW
29  27.4  32.6   17:40  21.9    5:20   0.0   9.1   0.0   6.3  37.0   19:30   WNW
30  28.4  33.2   14:30  22.9    4:40   0.0  10.2   0.0   9.3  46.7   17:50   WNW
-------------------------------------------------------------------------------------
    26.1  41.0    18    17.1    12     0.2 233.5   0.0   6.4  72.4     8     WNW

Max >=  32.0: 12
Max <=   0.0:  0
Min <=   0.0:  0
Min <= -18.0:  0
Max Rain: 0.00 ON 01/06/16
Days of Rain: 0 (> .2 mm) 0 (> 2 mm) 0 (> 20 mm)
Heat Base:  18.3  Cool Base:  18.3  Method: Integration