NOAA Reports/Αναφορές NOAA

Select a Year or Month report
2018 > Jan Feb Mar Apr May Jun Jul Aug Sep Oct Nov Dec
2017 > Jan Feb Mar Apr May Jun Jul Aug Sep Oct Nov Dec
2016 > Jan Feb Mar Apr May Jun Jul Aug Sep Oct Nov Dec

Report for 2016 May
                   MONTHLY CLIMATOLOGICAL SUMMARY for MAY. 2016

NAME: Agia Galini Weather Station   CITY: Agia Galini   STATE: Greece 
ELEV:    25 m  LAT:  35 05' 45" N  LONG:  24 41' 15" E

                   TEMPERATURE (C), RAIN  (mm), WIND SPEED (km/hr)

                                      HEAT  COOL        AVG
    MEAN                              DEG   DEG         WIND                 DOM
DAY TEMP  HIGH   TIME   LOW    TIME   DAYS  DAYS  RAIN  SPEED HIGH   TIME    DIR
------------------------------------------------------------------------------------
 1  21.3  26.9   15:50  16.4    5:40   0.1   3.1   0.0   5.3  30.6    0:10   WNW
 2  18.8  21.8   15:30  16.7    8:20   0.3   0.8   1.0   3.2  19.3    6:30     E
 3  18.5  21.6   14:50  15.2   21:20   0.6   0.8  12.4   5.6  32.2   21:10   WNW
 4  18.3  20.6   12:50  15.1    6:10   0.6   0.6   0.0  11.3  46.7   15:40   WNW
 5  18.0  21.7   14:10  13.8    6:50   1.0   0.6   0.2   6.3  37.0   17:00   WNW
 6  18.5  22.4   15:10  13.4    6:30   0.8   1.0   0.0   6.0  37.0    0:40   WNW
 7  18.7  22.6   16:20  14.4    6:40   0.6   1.0   0.0   4.8  32.2    1:00     E
 8  18.6  21.8   17:10  14.6    1:00   0.9   1.2   0.0   5.8  35.4   14:40   WNW
 9  19.4  23.2   12:50  15.8    6:30   0.5   1.6   0.0   3.1  27.4   15:00   WNW
10  21.1  28.6   18:20  15.4    5:30   0.6   3.3   0.0   4.2  33.8   17:20   WNW
11  21.1  26.8   12:50  16.1    6:10   0.3   3.1   1.6   3.2  20.9   23:40   WNW
12  22.1  26.3   12:00  18.2    6:50   0.0   3.8   0.0   3.4  27.4    0:20     E
13  23.2  26.8   12:00  19.8   23:30   0.0   4.9   0.2   3.9  22.5    3:30   WNW
14  24.3  29.2   16:40  19.8    0:10   0.0   6.0   0.0   3.1  29.0   17:50   WNW
15  21.4  24.8    0:50  16.9   00:00   0.1   3.2   4.6   4.0  33.8    6:10   WNW
16  19.1  23.9   15:20  13.3    6:40   1.2   1.9   0.0   4.8  24.1   18:20   WNW
17  19.3  24.3   16:50  13.7    6:30   0.9   1.9   0.0   5.5  30.6   17:10   WNW
18  17.7  22.3   11:20  14.2    6:30   0.8   0.5   0.0   1.6  12.9    9:10   WNW
19  19.4  21.7   18:50  17.7   00:00   0.0   0.3   0.0   0.8  14.5   18:40   WNW
20  19.3  22.6   14:10  15.1    6:00   0.7   1.7   0.4   4.3  22.5   16:20   WNW
21  21.1  24.4    2:30  17.8    6:10   0.0   2.8   1.8   6.4  33.8    9:50   WNW
22  20.3  24.6   13:40  16.8    6:50   0.1   2.1   1.2   9.7  54.7   19:00   WNW
23  22.2  26.1   15:40  19.1    5:50   0.0   3.9   0.0  11.3  61.2    9:50   WNW
24  20.2  23.7   15:00  15.2    6:20   0.4   2.3   0.0   5.3  38.6   15:20   WNW
25  20.1  22.8   11:20  15.9    6:20   0.3   2.1   0.0   6.3  41.8   18:40   WNW
26  20.5  28.6   17:20  14.8    6:00   0.6   2.8   0.0   4.5  32.2   16:00   WNW
27  23.7  29.7   17:30  16.2    5:40   0.2   5.6   0.0   6.0  40.2   16:40   WNW
28  24.5  30.2   15:50  18.2    5:10   0.0   6.2   0.0   5.3  40.2   15:30   WNW
29  22.8  26.8   12:20  19.4    6:10   0.0   4.5   0.0   4.0  22.5   15:20   WNW
30  23.5  28.3   14:50  18.2    6:20   0.0   5.2   0.0   3.5  16.1   20:20   WNW
31  24.4  31.2   11:30  20.6    4:30   0.0   6.1   0.0   4.3  19.3   14:20   WNW
-------------------------------------------------------------------------------------
    20.7  31.2    31    13.3    16    11.6  85.0  23.4   5.1  61.2    23     WNW

Max >=  32.0:  0
Max <=   0.0:  0
Min <=   0.0:  0
Min <= -18.0:  0
Max Rain: 12.40 ON 03/05/16
Days of Rain: 9 (> .2 mm) 2 (> 2 mm) 0 (> 20 mm)
Heat Base:  18.3  Cool Base:  18.3  Method: Integration