NOAA Reports/Αναφορές NOAA

Select a Year or Month report
2018 > Jan Feb Mar Apr May Jun Jul Aug Sep Oct Nov Dec
2017 > Jan Feb Mar Apr May Jun Jul Aug Sep Oct Nov Dec
2016 > Jan Feb Mar Apr May Jun Jul Aug Sep Oct Nov Dec

Report for 2016 Apr
                   MONTHLY CLIMATOLOGICAL SUMMARY for APR. 2016

NAME: Agia Galini Weather Station   CITY: Agia Galini   STATE: Greece 
ELEV:    25 m  LAT:  35 05' 45" N  LONG:  24 41' 15" E

                   TEMPERATURE (C), RAIN  (mm), WIND SPEED (km/hr)

                                      HEAT  COOL        AVG
    MEAN                              DEG   DEG         WIND                 DOM
DAY TEMP  HIGH   TIME   LOW    TIME   DAYS  DAYS  RAIN  SPEED HIGH   TIME    DIR
------------------------------------------------------------------------------------
 1
 2
 3
 4
 5
 6
 7
 8
 9
10
11
12
13
14
15
16  19.9  23.1   16:50  16.6   00:00   0.1   0.9   0.0   3.1  19.3   13:30     E
17  18.6  23.4   11:00  13.6    7:00   1.2   1.5   0.0   3.4  16.1    3:10   WNW
18  18.8  24.2   11:50  14.4    3:30   1.1   1.6   0.0   4.3  19.3   13:20   WNW
19  17.8  21.4   16:40  12.6    6:50   1.5   1.0   0.0   4.7  24.1   13:40   WNW
20  19.8  25.3   12:40  13.9    4:50   1.2   2.7   0.0   3.2  14.5    7:30   WNW
21  22.7  26.8   14:30  17.7   22:40   0.0   4.4   0.0   8.7  56.3   10:50   WNW
22  19.4  24.1   14:10  15.7   00:00   0.4   1.5   0.0   4.8  32.2    0:20   WNW
23  18.1  22.6   14:30  14.2    3:10   1.2   1.0   0.0   5.1  29.0   14:20     E
24  18.4  22.4   14:50  13.2    7:00   1.0   1.1   0.0   6.3  35.4   21:30   WNW
25  19.1  22.4   15:50  16.2    7:10   0.2   1.0   0.0   4.8  30.6   12:10   WNW
26  18.2  21.3   12:20  14.9    7:10   0.8   0.6   0.0   6.9  37.0   18:20   WNW
27  17.3  21.2   14:10  12.1    6:50   1.7   0.6   0.0   4.7  27.4    1:30   WNW
28  17.1  21.6   13:50  11.1    6:50   2.0   0.8   0.0   5.1  20.9   17:20   WNW
29  20.7  25.9   14:40  13.7    5:00   1.2   3.6   0.0   4.8  20.9   11:40   WNW
30  24.2  26.8    1:20  19.6   23:50   0.0   5.9   0.0  13.7  69.2   20:30   WNW
-------------------------------------------------------------------------------------
    19.3  26.8    21    11.1    28    13.6  27.9   0.0   5.6  69.2    30     WNW

Max >=  32.0:  0
Max <=   0.0:  0
Min <=   0.0:  0
Min <= -18.0:  0
Max Rain: 0.00 ON 01/04/16
Days of Rain: 0 (> .2 mm) 0 (> 2 mm) 0 (> 20 mm)
Heat Base:  18.3  Cool Base:  18.3  Method: Integration