NOAA Reports/Αναφορές NOAA

Select a Year or Month report
2018 > Jan Feb Mar Apr May Jun Jul Aug Sep Oct Nov Dec
2017 > Jan Feb Mar Apr May Jun Jul Aug Sep Oct Nov Dec
2016 > Jan Feb Mar Apr May Jun Jul Aug Sep Oct Nov Dec

Report for 2018 05
                   MONTHLY CLIMATOLOGICAL SUMMARY for MAY. 2018

NAME: Agia Galini Weather Station   CITY: Agia Galini   STATE: Greece 
ELEV:    25 m  LAT:  35 05' 45" N  LONG:  24 41' 15" E

                   TEMPERATURE (C), RAIN  (mm), WIND SPEED (km/hr)

                                      HEAT  COOL        AVG
    MEAN                              DEG   DEG         WIND                 DOM
DAY TEMP  HIGH   TIME   LOW    TIME   DAYS  DAYS  RAIN  SPEED HIGH   TIME    DIR
------------------------------------------------------------------------------------
 1  22.0  27.7   11:40  17.1    6:20   0.1   3.8   0.0   2.7  19.3   10:00   WNW
 2  21.7  26.2   17:20  16.7    4:50   0.2   3.5   0.0   5.0  24.1   13:10   WNW
 3  24.7  29.8   11:30  20.3    0:40   0.0   6.4   0.0   4.2  30.6   13:00    NW
 4  21.2  24.0   12:30  18.3    6:00   0.0   2.9   0.0   3.2  22.5   17:20   WNW
 5  20.1  24.4   14:20  16.0    6:20   0.3   2.1   0.0   3.9  33.8   19:00   WNW
 6  19.4  23.2   13:00  15.2    6:00   0.6   1.7   0.0   6.0  40.2   15:50   WNW
 7  19.1  22.4   18:20  16.7    3:50   0.3   1.1  15.6   7.4  40.2   18:00   WNW
 8  20.8  25.2   12:30  18.1    3:10   0.0   2.5   0.0   7.4  49.9   10:20   WNW
 9  19.6  23.0   17:40  15.6    6:10   0.4   1.7   0.0   3.5  17.7   12:10     E
10  20.5  23.5   16:20  17.3    7:10   0.1   2.3   0.0   3.4  22.5   14:10   WNW
11  21.1  25.9   14:50  16.0    4:50   0.4   3.2   0.0   8.5  49.9   20:20   WNW
12  22.2  24.6   12:40  20.8    1:20   0.0   3.9   0.0  17.9  62.8   17:20   WNW
13  22.1  26.3   17:00  18.7   22:30   0.0   3.8   0.0   6.8  51.5    1:20   WNW
14  19.6  23.7   15:10  15.4    6:00   0.5   1.8   0.0   2.9  20.9   16:40    NW
15  20.5  24.3    9:30  16.3    6:30   0.3   2.5   0.0   2.7  20.9   12:50   WNW
16  22.1  27.1   13:10  17.6    6:40   0.0   3.8   0.0   3.1  19.3   12:20   WNW
17  23.4  28.2   11:20  18.4    7:00   0.0   5.1   0.0   3.4  17.7   15:20    NW
18  24.6  30.0   13:10  20.6    6:50   0.0   6.3   0.0   2.4  19.3    6:10    NW
19  25.4  29.3   16:10  22.6    5:20   0.0   7.2   0.0   2.4  24.1   22:00    NW
20  24.9  30.2   12:40  20.3    5:00   0.0   6.6   0.0   4.0  22.5   14:10   WNW
21  25.6  31.1   14:30  21.2    6:30   0.0   7.3   0.0   4.3  22.5    3:30   WNW
22  24.5  27.7   11:40  22.7    2:20   0.0   6.2   0.0   3.1  29.0   14:10   WNW
23  24.0  27.7   14:10  20.2    3:40   0.0   5.7   0.0   3.2  27.4    5:40   WNW
24  23.8  23.9    0:50  22.9    0:10   0.0   0.2   0.0   1.3  16.1    0:10     W
25
26
27
28
29
30
31
-------------------------------------------------------------------------------------
    22.2  31.1    21    15.2     6     3.1  91.4  15.6   4.7  62.8    12     WNW

Max >=  32.0:  0
Max <=   0.0:  0
Min <=   0.0:  0
Min <= -18.0:  0
Max Rain: 15.60 ON 07/05/18
Days of Rain: 1 (> .2 mm) 1 (> 2 mm) 0 (> 20 mm)
Heat Base:  18.3  Cool Base:  18.3  Method: Integration