NOAA Reports/Αναφορές NOAA

Select a Year or Month report
2018 > Jan Feb Mar Apr May Jun Jul Aug Sep Oct Nov Dec
2017 > Jan Feb Mar Apr May Jun Jul Aug Sep Oct Nov Dec
2016 > Jan Feb Mar Apr May Jun Jul Aug Sep Oct Nov Dec

Report for 2018 02
                   MONTHLY CLIMATOLOGICAL SUMMARY for FEB. 2018

NAME: Agia Galini Weather Station   CITY: Agia Galini   STATE: Greece 
ELEV:    25 m  LAT:  35 05' 45" N  LONG:  24 41' 15" E

                   TEMPERATURE (C), RAIN  (mm), WIND SPEED (km/hr)

                                      HEAT  COOL        AVG
    MEAN                              DEG   DEG         WIND                 DOM
DAY TEMP  HIGH   TIME   LOW    TIME   DAYS  DAYS  RAIN  SPEED HIGH   TIME    DIR
------------------------------------------------------------------------------------
 1  12.7  15.8   16:00 -67.8    5:00   4.9   0.0   0.0   1.9  24.1   23:50    NW
 2  14.6  17.2   12:10 -67.8    4:40   3.1   0.0   0.0   4.0  25.7    2:20     E
 3  14.1  17.2   14:00 -67.8    4:50   3.6   0.0   0.0   5.6  25.7   15:40    NW
 4  15.5  19.1   13:00  11.2    2:30   2.5   0.0   0.0   4.3  20.9   10:20    NW
 5  14.6  20.3   12:50 -67.8    5:00   3.5   0.2   0.0   3.5  19.3   20:10    NW
 6  13.9  19.3   13:50 -67.8    5:10   4.0   0.0   0.0   3.7  25.7   16:30    NW
 7  16.6  20.7   15:50 -67.8    5:00   2.1   0.6   2.4   7.4  38.6   22:50   ESE
 8  14.9  18.3    0:10 -67.8    4:40   2.9   0.0   0.0   3.7  25.7   14:50   WNW
 9  12.6  15.7   15:40 -67.8    5:10   5.1   0.0   0.2   3.2  24.1   10:50   WNW
10  14.8  18.9   12:40 -67.8    5:00   2.9   0.0   0.2   7.6  45.1   22:10   ESE
11  15.3  17.2   13:50  12.7   00:00   2.6   0.0   0.4   7.2  40.2    1:00   WNW
12  11.9  17.1   13:20 -67.8    5:20   5.7   0.0   0.0   3.2  25.7   11:50   WNW
13  12.5  17.4   14:10 -67.8    5:20   5.3   0.0   2.2   3.5  27.4   13:10   WNW
14  14.0  16.6   14:00 -67.8    5:10   3.8   0.0   1.8   5.6  64.4    4:30   WNW
15  10.8  15.9    9:10 -67.8    5:10   6.5   0.0  12.2  10.0  85.3    9:20   WNW
16  11.7  16.8   14:00 -67.8    5:10   6.0   0.0   2.4   4.0  35.4   23:00   WNW
17  14.4  17.5   14:30 -67.8    5:10   3.5   0.0   0.0  11.9  77.2    7:40   WNW
18  13.0  17.4   14:10 -67.8    5:20   4.9   0.0   0.0   3.5  25.7   16:10    NW
19  14.1  17.4   13:20  11.2    3:40   3.8   0.0   0.0   2.7  20.9   13:50   WNW
20  13.3  17.4   15:10 -67.8    5:20   4.5   0.0   8.4   2.1  48.3   18:40   WNW
21  12.4  17.3   12:50 -67.8    5:00   5.1   0.0   5.8   2.6  16.1    0:30   WNW
22  12.7  18.4   14:30 -67.8    5:20   5.2   0.0   0.0   4.2  29.0   15:10    NW
23  13.3  18.9   12:40 -67.8    5:20   4.6   0.0   0.0   4.7  33.8   12:50    NW
24  13.8  16.9   13:40 -67.8    5:20   2.9   0.0   1.0   8.0  54.7    9:00   WNW
25
26
27
28
-------------------------------------------------------------------------------------
    13.7  20.7     7   -67.8     1    99.1   0.9  37.0   4.9  85.3    15     WNW

Max >=  32.0:  0
Max <=   0.0:  0
Min <=   0.0: 21
Min <= -18.0: 21
Max Rain: 12.19 ON 15/02/18
Days of Rain: 11 (> .2 mm) 6 (> 2 mm) 0 (> 20 mm)
Heat Base:  18.3  Cool Base:  18.3  Method: Integration