NOAA Reports/Αναφορές NOAA

Select a Year or Month report
2017 > Jan Feb Mar Apr May Jun Jul Aug Sep Oct Nov Dec
2016 > Jan Feb Mar Apr May Jun Jul Aug Sep Oct Nov Dec

Report for 2017 09
                   MONTHLY CLIMATOLOGICAL SUMMARY for SEP. 2017

NAME: Agia Galini Weather Station   CITY: Agia Galini   STATE: Greece 
ELEV:    25 m  LAT:  35 05' 45" N  LONG:  24 41' 15" E

                   TEMPERATURE (C), RAIN  (mm), WIND SPEED (km/hr)

                                      HEAT  COOL        AVG
    MEAN                              DEG   DEG         WIND                 DOM
DAY TEMP  HIGH   TIME   LOW    TIME   DAYS  DAYS  RAIN  SPEED HIGH   TIME    DIR
------------------------------------------------------------------------------------
 1  26.2  32.0   16:00  20.8    4:30   0.0   7.9   0.0   5.1  35.4   18:50    NW
 2  25.1  29.3   14:50  19.2    6:50   0.0   6.7   0.0   4.5  19.3   12:30    NW
 3  25.9  30.7   10:20  21.3    7:30   0.0   7.6   0.0   3.1  17.7   12:00    NW
 4  26.3  31.9   11:50  21.3    7:20   0.0   7.9   0.0   3.5  24.1   11:50    NW
 5  25.4  29.7   12:30  20.6    7:40   0.0   7.2   0.0   3.5  24.1   14:40    NW
 6  26.2  28.7   13:30  21.3   00:00   0.0   7.9   0.0  14.0  61.2   16:00    NW
 7  24.2  29.2   13:30  18.6    7:10   0.0   5.9   0.0   3.5  35.4   16:10    NW
 8  23.9  28.3   14:00  18.2    7:00   0.0   5.6   0.0   4.2  27.4   14:30    NW
 9  23.9  28.6   16:10  19.3    7:00   0.0   5.6   0.0   3.9  24.1   16:20    NW
10  24.9  29.9   15:40  20.6    7:00   0.0   6.6   0.0   3.5  19.3   14:50    NW
11  25.6  29.7   11:00  20.4    6:50   0.0   7.3   0.0   3.2  17.7    8:30    NW
12  26.0  28.2   13:10  22.8   00:00   0.0   7.7   0.0   6.4  37.0   16:20    NW
13  24.9  29.3   16:30  19.4    7:10   0.0   6.6   0.0   4.2  25.7   12:40    NW
14  26.6  32.4   17:00  20.8    7:00   0.0   8.3   0.0   6.9  41.8   17:20    NW
15  25.9  29.3   13:30  21.2    4:40   0.0   7.6   0.0   3.4  29.0   17:40    NW
16  24.9  29.9   13:00  19.6    6:40   0.0   6.6   0.0   3.7  22.5   15:40    NW
17  25.1  30.2   12:20  19.3    7:10   0.0   6.8   0.0   3.9  25.7   17:00    NW
18  26.6  33.9   11:30  20.4    5:50   0.0   8.2   0.0   3.5  17.7   12:30    NW
19  27.3  34.1   11:30  23.6    6:40   0.0   9.0   0.0   4.0  27.4   16:00    NW
20  25.4  28.3   16:10  21.6    5:10   0.0   7.1   0.0   4.3  22.5   22:20    NW
21  25.1  28.0   13:20  21.3    7:20   0.0   6.8   0.0   9.0  41.8   14:10    NW
22  24.2  28.2   14:30  21.5    1:50   0.0   5.9   0.0   9.0  40.2   14:40    NW
23  23.1  27.4   16:00  17.5    7:40   0.0   4.6   0.0   4.0  29.0   20:00    NW
24
25
26
27
28
29
30
-------------------------------------------------------------------------------------
    25.3  34.1    19    17.5    23     0.0 161.4   0.0   5.0  61.2     6      NW

Max >=  32.0:  4
Max <=   0.0:  0
Min <=   0.0:  0
Min <= -18.0:  0
Max Rain: 0.00 ON 01/09/17
Days of Rain: 0 (> .2 mm) 0 (> 2 mm) 0 (> 20 mm)
Heat Base:  18.3  Cool Base:  18.3  Method: Integration