NOAA Reports/Αναφορές NOAA

Select a Year or Month report
2018 > Jan Feb Mar Apr May Jun Jul Aug Sep Oct Nov Dec
2017 > Jan Feb Mar Apr May Jun Jul Aug Sep Oct Nov Dec
2016 > Jan Feb Mar Apr May Jun Jul Aug Sep Oct Nov Dec

Report for 2018 04
                   MONTHLY CLIMATOLOGICAL SUMMARY for APR. 2018

NAME: Agia Galini Weather Station   CITY: Agia Galini   STATE: Greece 
ELEV:    25 m  LAT:  35 05' 45" N  LONG:  24 41' 15" E

                   TEMPERATURE (C), RAIN  (mm), WIND SPEED (km/hr)

                                      HEAT  COOL        AVG
    MEAN                              DEG   DEG         WIND                 DOM
DAY TEMP  HIGH   TIME   LOW    TIME   DAYS  DAYS  RAIN  SPEED HIGH   TIME    DIR
------------------------------------------------------------------------------------
 1  16.4  21.5   14:00  10.9    3:00   2.5   0.7   0.0   2.9  19.3   00:00   WNW
 2  16.7  21.2   16:00 -67.8    6:50   2.0   0.5   0.0   6.8  51.5    5:20   WNW
 3  15.3  21.2   18:00 -67.8    6:50   3.4   0.4   0.0   3.9  22.5   22:10    NW
 4  15.4  20.5   15:50 -67.8    6:50   3.2   0.4   0.0   4.3  24.1   15:50    NW
 5  15.2  19.7   13:40 -67.8    6:50   3.2   0.2   0.0   4.3  22.5   14:50    NW
 6  15.2  19.7   15:00 -67.8    6:50   3.1   0.2   0.0   5.5  35.4   13:10   WNW
 7  15.8  21.7   14:50 -67.8    6:50   2.8   0.4   0.2  11.4  62.8   22:40   WNW
 8  17.7  21.3   13:50 -67.8    6:40   1.3   0.7   0.0  15.3  64.4   16:20    NW
 9  17.3  21.3   12:10 -67.8    6:50   1.4   0.4   0.0   7.4  49.9    1:30     E
10  16.4  22.3   14:20 -67.8    6:50   2.7   0.9   0.0   3.9  17.7    6:30    NW
11  18.4  23.1   13:20  14.4    6:50   1.0   1.1   0.0   3.7  19.3   18:20    NW
12  21.2  28.6   17:10 -67.8    6:50   1.3   4.1   0.0   4.0  24.1   10:30    NW
13  20.6  26.4   11:50 -67.8    7:00   0.8   3.1   0.0   4.8  24.1   15:00    NW
14  20.6  28.8   15:30 -67.8    7:00   1.0   3.2   0.0   4.8  29.0   12:30    NW
15  22.7  29.3   13:10 -67.8    7:00   0.6   4.9   0.0   4.3  29.0   14:20    NW
16  22.6  29.2   15:00 -67.8    7:00   0.0   4.2   0.0   2.9  30.6    4:20   WNW
17  17.9  23.2   14:30 -67.8    7:00   1.5   1.1   0.0   3.4  25.7   16:40   WNW
18  17.9  21.6   12:20  13.7    6:10   1.3   0.9   0.0   4.2  30.6   14:50   WNW
19  19.3  25.9   13:20 -67.8    6:50   1.5   2.5   0.0   5.1  38.6   16:20    NW
20  20.7  25.6   17:50  15.9    5:40   0.5   3.0   0.0   7.7  51.5   22:00   WNW
21  18.3  20.9    0:10  17.0    7:10   0.4   0.4   0.0  25.4  88.5   15:50   WNW
22  19.3  22.3   16:00  17.1    4:10   0.3   1.2   0.0   8.7  43.5    6:00   WNW
23
24
25
26
27
28
29
30
-------------------------------------------------------------------------------------
    18.2  29.3    15   -67.8     2    36.0  34.5   0.2   6.6  88.5    21     WNW

Max >=  32.0:  0
Max <=   0.0:  0
Min <=   0.0: 16
Min <= -18.0: 16
Max Rain: 0.20 ON 07/04/18
Days of Rain: 1 (> .2 mm) 0 (> 2 mm) 0 (> 20 mm)
Heat Base:  18.3  Cool Base:  18.3  Method: Integration